






{"id":373,"date":"2021-09-14T17:02:28","date_gmt":"2021-09-14T15:02:28","guid":{"rendered":"https:\/\/www.techniciendesante.fr\/annemasse-saint-julien\/?page_id=373"},"modified":"2023-11-14T09:26:03","modified_gmt":"2023-11-14T08:26:03","slug":"materiel-medical-proche-geneve","status":"publish","type":"page","link":"https:\/\/www.techniciendesante.fr\/magasins\/annemasse-saint-julien\/materiel-medical-proche-geneve\/","title":{"rendered":"Mat\u00e9riel m\u00e9dical \u00e0 Gen\u00e8ve \u00e0 la fronti\u00e8re franco-suisse"},"content":{"rendered":"<div class=\"fusion-fullwidth fullwidth-box fusion-builder-row-1 fusion-flex-container nonhundred-percent-fullwidth non-hundred-percent-height-scrolling\" style=\"background-color: rgba(255,255,255,0);background-position: center center;background-repeat: no-repeat;border-width: 0px 0px 0px 0px;border-color:#e2e2e2;border-style:solid;\" ><div class=\"fusion-builder-row fusion-row fusion-flex-align-items-flex-start\" style=\"max-width:1996.8;margin-left: calc(-4% \/ 2 );margin-right: calc(-4% \/ 2 );\"><div class=\"fusion-layout-column fusion_builder_column fusion-builder-column-0 fusion_builder_column_1_1 1_1 fusion-flex-column\"><div class=\"fusion-column-wrapper fusion-flex-justify-content-flex-start fusion-content-layout-column\" style=\"background-position:left top;background-repeat:no-repeat;-webkit-background-size:cover;-moz-background-size:cover;-o-background-size:cover;background-size:cover;padding: 0px 0px 0px 0px;\"><div class=\"fusion-text fusion-text-1\" style=\"transform:translate3d(0,0,0);\"><h1 style=\"text-align: center;\">Mat\u00e9riel m\u00e9dical <span style=\"color: #0096da;\">proche de Gen\u00e8ve<\/span><\/h1>\n<p style=\"text-align: center;\">____________________________________________<\/p>\n<h2><span style=\"color: #0096da;\">\u00c9quipement de sant\u00e9 en France, pr\u00e8s de Gen\u00e8ve \u00e0 la fronti\u00e8re franco-suisse<br \/>\n<\/span><\/h2>\n<p><img decoding=\"async\" class=\"alignnone wp-image-375 size-full\" title=\"\u00e9quipement de Sant\u00e9 pr\u00e8s de Gen\u00e8ve\" src=\"https:\/\/www.techniciendesante.fr\/annemasse-saint-julien\/wp-content\/uploads\/sites\/2\/2021\/09\/suisse-sante.jpg\" alt=\"\u00e9quipement de Sant\u00e9 pr\u00e8s de Gen\u00e8ve\" width=\"960\" height=\"640\" srcset=\"https:\/\/www.techniciendesante.fr\/magasins\/annemasse-saint-julien\/wp-content\/uploads\/sites\/2\/2021\/09\/suisse-sante-200x133.jpg 200w, https:\/\/www.techniciendesante.fr\/magasins\/annemasse-saint-julien\/wp-content\/uploads\/sites\/2\/2021\/09\/suisse-sante-300x200.jpg 300w, https:\/\/www.techniciendesante.fr\/magasins\/annemasse-saint-julien\/wp-content\/uploads\/sites\/2\/2021\/09\/suisse-sante-400x267.jpg 400w, https:\/\/www.techniciendesante.fr\/magasins\/annemasse-saint-julien\/wp-content\/uploads\/sites\/2\/2021\/09\/suisse-sante-600x400.jpg 600w, https:\/\/www.techniciendesante.fr\/magasins\/annemasse-saint-julien\/wp-content\/uploads\/sites\/2\/2021\/09\/suisse-sante-768x512.jpg 768w, https:\/\/www.techniciendesante.fr\/magasins\/annemasse-saint-julien\/wp-content\/uploads\/sites\/2\/2021\/09\/suisse-sante-800x533.jpg 800w, https:\/\/www.techniciendesante.fr\/magasins\/annemasse-saint-julien\/wp-content\/uploads\/sites\/2\/2021\/09\/suisse-sante.jpg 960w\" sizes=\"(max-width: 960px) 100vw, 960px\" \/><\/p>\n<p>Vous habitez \u00e0 <strong>Gen\u00e8ve en Suisse<\/strong> et \u00eates \u00e0 la recherche de <strong>produits et services li\u00e9s au m\u00e9dical ?<\/strong><\/p>\n<p><a href=\"https:\/\/www.techniciendesante.fr\/annemasse-saint-julien\/\"><strong>Technicien de sant\u00e9 Annemasse et Saint-Julien-en-Genevois<\/strong><\/a> sont deux magasins <strong>frontaliers avec le canton de Gen\u00e8ve<\/strong> (en Haute-Savoie) et propose du mat\u00e9riel pour les particulier.<\/p>\n<p>En quelques minutes, acc\u00e9dez \u00e0 une gamme compl\u00e8te \u00e0 <strong>tarifs pr\u00e9f\u00e9rentiels fran\u00e7ais<\/strong> :<br \/>\n\u2013 aide technique pour le <a href=\"https:\/\/www.techniciendesante.fr\/annemasse-saint-julien\/maintien-a-domicile\/\"><strong>maintien \u00e0 domicile des s\u00e9niors<\/strong><\/a><br \/>\n\u2013 sp\u00e9cialiste de l\u2019<strong>incontinence<\/strong> : couche pour adultes, al\u00e8se, change complet, pants, couche anatomique.<br \/>\n\u2013 solutions de <strong>mobilit\u00e9<\/strong> : fauteuil roulant manuel et \u00e9lectrique, scooter \u00e9lectrique, d\u00e9ambulateurs<br \/>\n\u2013 produits de<strong> confort et de bien-\u00eatre<\/strong> : fauteuils releveurs (ou fauteuil m\u00e9dical, fauteuil relax et \u00e9lectrique), oreillers anatomiques, chaussures adapt\u00e9s aux pieds<br \/>\n\u2013 <a href=\"https:\/\/www.techniciendesante.fr\/annemasse-saint-julien\/orthopedie-sur-mesure\/\"><strong>orthop\u00e9die et proth\u00e8ses sur mesure<\/strong><\/a> (bas et chaussettes de contention, ceinture abdominale, grenouill\u00e8re, chevill\u00e8re, attelle de poignet, \u00e9charpe de bras, chaussures et semelles orthop\u00e9diques\u2026<br \/>\n\u2013 <strong>proth\u00e8ses mammaires<\/strong> et sous-v\u00eatements adapt\u00e9s<\/p>\n<p>La <a href=\"https:\/\/www.techniciendesante.fr\/annemasse-saint-julien\/location-materiel-medical\/\"><strong>location de mat\u00e9riel<\/strong><\/a> aupr\u00e8s de nos magasins (lit m\u00e9dicalis\u00e9, matelas pr\u00e9vention d\u2019escarre, verticalisateur, fauteuil roulant, etc) est simple et rapide pour <strong>tous les genevois.<\/strong><\/p>\n<h2><span style=\"color: #0096da;\">Produits et services pour les professionnels de sant\u00e9<\/span><\/h2>\n<p><img decoding=\"async\" class=\"alignnone size-full wp-image-380\" src=\"https:\/\/www.techniciendesante.fr\/annemasse-saint-julien\/wp-content\/uploads\/sites\/2\/2021\/09\/materiel-infirmiere.jpg\" alt=\"instrument pour pro de sant\u00e9 Gen\u00e8ve\" width=\"960\" height=\"567\" srcset=\"https:\/\/www.techniciendesante.fr\/magasins\/annemasse-saint-julien\/wp-content\/uploads\/sites\/2\/2021\/09\/materiel-infirmiere-200x118.jpg 200w, https:\/\/www.techniciendesante.fr\/magasins\/annemasse-saint-julien\/wp-content\/uploads\/sites\/2\/2021\/09\/materiel-infirmiere-300x177.jpg 300w, https:\/\/www.techniciendesante.fr\/magasins\/annemasse-saint-julien\/wp-content\/uploads\/sites\/2\/2021\/09\/materiel-infirmiere-400x236.jpg 400w, https:\/\/www.techniciendesante.fr\/magasins\/annemasse-saint-julien\/wp-content\/uploads\/sites\/2\/2021\/09\/materiel-infirmiere-600x354.jpg 600w, https:\/\/www.techniciendesante.fr\/magasins\/annemasse-saint-julien\/wp-content\/uploads\/sites\/2\/2021\/09\/materiel-infirmiere-768x454.jpg 768w, https:\/\/www.techniciendesante.fr\/magasins\/annemasse-saint-julien\/wp-content\/uploads\/sites\/2\/2021\/09\/materiel-infirmiere-800x473.jpg 800w, https:\/\/www.techniciendesante.fr\/magasins\/annemasse-saint-julien\/wp-content\/uploads\/sites\/2\/2021\/09\/materiel-infirmiere.jpg 960w\" sizes=\"(max-width: 960px) 100vw, 960px\" \/><\/p>\n<p>Que vous soyez <strong>m\u00e9decins g\u00e9n\u00e9ralistes, chirurgiens, infirmi\u00e8res, aides soignants, kin\u00e9sith\u00e9rapeutes<\/strong> sur le <strong>canton genevois,<\/strong> Technicien de sant\u00e9 vous propose une gamme compl\u00e8te pour tous vos :<br \/>\n\u2013 consommables<br \/>\n\u2013 produits de d\u00e9sinfection<br \/>\n\u2013 diagnostics<br \/>\n\u2013 instrumentations<\/p>\n<p>Nos magasins \u00e9quipent aussi les \u00e9tablissements de sant\u00e9 de type EHPAD, maisons de retraite priv\u00e9es, h\u00f4pitaux et cliniques. Nos conseillers form\u00e9s sauront aussi vous guider pour le retour \u00e0 domicile de vos patients.<\/p>\n<div class=\"pos-top pos-center align_left column_parent col-lg-12 boomapps_vccolumn single-internal-gutter\">\n<div class=\"uncol style-light\">\n<div class=\"uncoltable\">\n<div class=\"uncell boomapps_vccolumn no-block-padding\">\n<div class=\"uncont\">\n<div class=\"uncode_text_column tds_color_light top-t-bottom animate_when_almost_visible\" data-delay=\"700\">\n<p><strong>Vous cherchez des renseignements ? N\u2019h\u00e9sitez pas \u00e0 nous contacter<\/strong><\/p>\n<\/div>\n<p><span class=\"btn-container\"><a class=\"custom-link btn btn-lg border-width-0 btn_tds_premium btn-color-508752 btn-round btn-shadow-sm btn-italic btn-icon-left btn-ripple-in btn-border-animated\" href=\"https:\/\/www.techniciendesante.fr\/annemasse-saint-julien\/contact-magasin-annemasse\/\"><div class=\"fusion-alignleft\"><style type=\"text\/css\">.fusion-button.button-1 {border-radius:4px;}<\/style><a class=\"fusion-button button-flat button-xlarge button-default button-1 fusion-button-default-span fusion-button-default-type fusion-animated\" data-animationType=\"fadeInLeft\" data-animationDuration=\"0.6\" data-animationOffset=\"100%\" target=\"_self\" href=\"https:\/\/www.techniciendesante.fr\/annemasse-saint-julien\/contact-magasin-annemasse\/\"><i class=\"fa-phone-alt fas button-icon-left\" aria-hidden=\"true\"><\/i><span class=\"fusion-button-text\">Contact Annemasse<\/span><\/a><\/div><\/a><\/span><\/p>\n<p><span class=\"btn-container\"><a class=\"custom-link btn btn-lg border-width-0 btn_tds_premium btn-color-508752 btn-round btn-shadow-sm btn-italic btn-icon-left btn-ripple-in btn-border-animated\" href=\"https:\/\/www.techniciendesante.fr\/annemasse-saint-julien\/contact-magasin-saint-julien\/\"><div class=\"fusion-alignleft\"><style type=\"text\/css\">.fusion-button.button-2 {border-radius:4px;}<\/style><a class=\"fusion-button button-flat button-xlarge button-default button-2 fusion-button-default-span fusion-button-default-type fusion-animated\" data-animationType=\"fadeInLeft\" data-animationDuration=\"0.6\" data-animationOffset=\"100%\" target=\"_self\" href=\"https:\/\/www.techniciendesante.fr\/annemasse-saint-julien\/contact-magasin-saint-julien\/\"><i class=\"fa-phone-alt fas button-icon-left\" aria-hidden=\"true\"><\/i><span class=\"fusion-button-text\">Contact Saint Julien<\/span><\/a><\/div><\/a><\/span><\/p>\n<\/div>\n<\/div>\n<\/div>\n<\/div>\n<\/div>\n<\/div><a href=\"https:\/\/www.doctolib.fr\/cabinet-paramedical\/annemasse\/technicien-de-sante\/booking?utm_campaign=website-button&utm_source=technicien-de-sante-website-button&utm_medium=referral&utm_content=withoutpreview-blue-floating-bottom-right&utm_term=technicien-de-sante\" style=\"display:flex;text-align:center;background-color:#107ACA;color:#ffffff;font-size:14px;overflow:hidden;font-family:Roboto, sans-serif;box-sizing:border-box;align-items:center;padding:0 24px;z-index:1000;height:48px;text-decoration:none;position:fixed;bottom:16px;right:16px;border-bottom-left-radius:none;border-bottom-right-radius:none;border-top-left-radius:4px;border-top-right-radius:4px;border-radius:24px\" target=\"_blank\"> <!-- -->Prendre rendez-vous<!-- --> <img decoding=\"async\" style=\"height:19px;vertical-align:middle;width:auto\" src=\"https:\/\/pro.doctolib.fr\/external_button\/doctolib-white-transparent.png\" alt=\"Doctolib\"\/><\/a>\n<\/div><\/div><style type=\"text\/css\">.fusion-body .fusion-builder-column-0{width:100% !important;margin-top : 0px;margin-bottom : 20px;}.fusion-builder-column-0 > .fusion-column-wrapper {padding-top : 0px !important;padding-right : 0px !important;margin-right : 1.92%;padding-bottom : 0px !important;padding-left : 0px !important;margin-left : 1.92%;}@media only screen and (max-width:1024px) {.fusion-body .fusion-builder-column-0{width:100% !important;order : 0;}.fusion-builder-column-0 > .fusion-column-wrapper {margin-right : 1.92%;margin-left : 1.92%;}}@media only screen and (max-width:640px) {.fusion-body .fusion-builder-column-0{width:100% !important;order : 0;}.fusion-builder-column-0 > .fusion-column-wrapper {margin-right : 1.92%;margin-left : 1.92%;}}<\/style><\/div><style type=\"text\/css\">.fusion-body .fusion-flex-container.fusion-builder-row-1{ padding-top : 0px;margin-top : 0px;padding-right : 150px;padding-bottom : 0px;margin-bottom : 0px;padding-left : 150px;}<\/style><\/div>\n","protected":false},"excerpt":{"rendered":"","protected":false},"author":4,"featured_media":0,"parent":0,"menu_order":0,"comment_status":"closed","ping_status":"closed","template":"","meta":{"footnotes":""},"yoast_head":"<!-- This site is optimized with the Yoast SEO plugin v22.0 - https:\/\/yoast.com\/wordpress\/plugins\/seo\/ -->\n<title>Mat\u00e9riel m\u00e9dical \u00e0 Gen\u00e8ve \u00e0 la fronti\u00e8re franco-suisse<\/title>\n<meta name=\"description\" content=\"Les 2 magasins Techniciens de sant\u00e9, \u00e0 quelques minutes de Gen\u00e8ve, proposent du mat\u00e9riel m\u00e9dical et de l&#039;\u00e9quipement de sant\u00e9 pour les particuliers et professionnels. Location, SAV et conseils depuis plus de 40 ans.\" \/>\n<meta name=\"robots\" content=\"index, follow, max-snippet:-1, max-image-preview:large, max-video-preview:-1\" \/>\n<link rel=\"canonical\" href=\"https:\/\/www.techniciendesante.fr\/magasins\/annemasse-saint-julien\/materiel-medical-proche-geneve\/\" \/>\n<meta property=\"og:locale\" content=\"fr_FR\" \/>\n<meta property=\"og:type\" content=\"article\" \/>\n<meta property=\"og:title\" content=\"Mat\u00e9riel m\u00e9dical \u00e0 Gen\u00e8ve \u00e0 la fronti\u00e8re franco-suisse\" \/>\n<meta property=\"og:description\" content=\"Les 2 magasins Techniciens de sant\u00e9, \u00e0 quelques minutes de Gen\u00e8ve, proposent du mat\u00e9riel m\u00e9dical et de l&#039;\u00e9quipement de sant\u00e9 pour les particuliers et professionnels. Location, SAV et conseils depuis plus de 40 ans.\" \/>\n<meta property=\"og:url\" content=\"https:\/\/www.techniciendesante.fr\/magasins\/annemasse-saint-julien\/materiel-medical-proche-geneve\/\" \/>\n<meta property=\"og:site_name\" content=\"Annemasse saint julien\" \/>\n<meta property=\"article:modified_time\" content=\"2023-11-14T08:26:03+00:00\" \/>\n<meta property=\"og:image\" content=\"https:\/\/www.techniciendesante.fr\/annemasse-saint-julien\/wp-content\/uploads\/sites\/2\/2021\/09\/suisse-sante.jpg\" \/>\n<meta name=\"twitter:card\" content=\"summary_large_image\" \/>\n<meta name=\"twitter:label1\" content=\"Dur\u00e9e de lecture estim\u00e9e\" \/>\n\t<meta name=\"twitter:data1\" content=\"5 minutes\" \/>\n<script type=\"application\/ld+json\" class=\"yoast-schema-graph\">{\"@context\":\"https:\/\/schema.org\",\"@graph\":[{\"@type\":\"WebPage\",\"@id\":\"https:\/\/www.techniciendesante.fr\/magasins\/annemasse-saint-julien\/materiel-medical-proche-geneve\/\",\"url\":\"https:\/\/www.techniciendesante.fr\/magasins\/annemasse-saint-julien\/materiel-medical-proche-geneve\/\",\"name\":\"Mat\u00e9riel m\u00e9dical \u00e0 Gen\u00e8ve \u00e0 la fronti\u00e8re franco-suisse\",\"isPartOf\":{\"@id\":\"https:\/\/www.techniciendesante.fr\/magasins\/annemasse-saint-julien\/#website\"},\"datePublished\":\"2021-09-14T15:02:28+00:00\",\"dateModified\":\"2023-11-14T08:26:03+00:00\",\"description\":\"Les 2 magasins Techniciens de sant\u00e9, \u00e0 quelques minutes de Gen\u00e8ve, proposent du mat\u00e9riel m\u00e9dical et de l'\u00e9quipement de sant\u00e9 pour les particuliers et professionnels. Location, SAV et conseils depuis plus de 40 ans.\",\"breadcrumb\":{\"@id\":\"https:\/\/www.techniciendesante.fr\/magasins\/annemasse-saint-julien\/materiel-medical-proche-geneve\/#breadcrumb\"},\"inLanguage\":\"fr-FR\",\"potentialAction\":[{\"@type\":\"ReadAction\",\"target\":[\"https:\/\/www.techniciendesante.fr\/magasins\/annemasse-saint-julien\/materiel-medical-proche-geneve\/\"]}]},{\"@type\":\"BreadcrumbList\",\"@id\":\"https:\/\/www.techniciendesante.fr\/magasins\/annemasse-saint-julien\/materiel-medical-proche-geneve\/#breadcrumb\",\"itemListElement\":[{\"@type\":\"ListItem\",\"position\":1,\"name\":\"Accueil\",\"item\":\"https:\/\/www.techniciendesante.fr\/magasins\/annemasse-saint-julien\/\"},{\"@type\":\"ListItem\",\"position\":2,\"name\":\"Mat\u00e9riel m\u00e9dical \u00e0 Gen\u00e8ve \u00e0 la fronti\u00e8re franco-suisse\"}]},{\"@type\":\"WebSite\",\"@id\":\"https:\/\/www.techniciendesante.fr\/magasins\/annemasse-saint-julien\/#website\",\"url\":\"https:\/\/www.techniciendesante.fr\/magasins\/annemasse-saint-julien\/\",\"name\":\"Annemasse saint julien\",\"description\":\"Technicien de sant\u00e9\",\"potentialAction\":[{\"@type\":\"SearchAction\",\"target\":{\"@type\":\"EntryPoint\",\"urlTemplate\":\"https:\/\/www.techniciendesante.fr\/magasins\/annemasse-saint-julien\/?s={search_term_string}\"},\"query-input\":\"required name=search_term_string\"}],\"inLanguage\":\"fr-FR\"}]}<\/script>\n<!-- \/ Yoast SEO plugin. -->","yoast_head_json":{"title":"Mat\u00e9riel m\u00e9dical \u00e0 Gen\u00e8ve \u00e0 la fronti\u00e8re franco-suisse","description":"Les 2 magasins Techniciens de sant\u00e9, \u00e0 quelques minutes de Gen\u00e8ve, proposent du mat\u00e9riel m\u00e9dical et de l'\u00e9quipement de sant\u00e9 pour les particuliers et professionnels. Location, SAV et conseils depuis plus de 40 ans.","robots":{"index":"index","follow":"follow","max-snippet":"max-snippet:-1","max-image-preview":"max-image-preview:large","max-video-preview":"max-video-preview:-1"},"canonical":"https:\/\/www.techniciendesante.fr\/magasins\/annemasse-saint-julien\/materiel-medical-proche-geneve\/","og_locale":"fr_FR","og_type":"article","og_title":"Mat\u00e9riel m\u00e9dical \u00e0 Gen\u00e8ve \u00e0 la fronti\u00e8re franco-suisse","og_description":"Les 2 magasins Techniciens de sant\u00e9, \u00e0 quelques minutes de Gen\u00e8ve, proposent du mat\u00e9riel m\u00e9dical et de l'\u00e9quipement de sant\u00e9 pour les particuliers et professionnels. Location, SAV et conseils depuis plus de 40 ans.","og_url":"https:\/\/www.techniciendesante.fr\/magasins\/annemasse-saint-julien\/materiel-medical-proche-geneve\/","og_site_name":"Annemasse saint julien","article_modified_time":"2023-11-14T08:26:03+00:00","og_image":[{"url":"https:\/\/www.techniciendesante.fr\/annemasse-saint-julien\/wp-content\/uploads\/sites\/2\/2021\/09\/suisse-sante.jpg"}],"twitter_card":"summary_large_image","twitter_misc":{"Dur\u00e9e de lecture estim\u00e9e":"5 minutes"},"schema":{"@context":"https:\/\/schema.org","@graph":[{"@type":"WebPage","@id":"https:\/\/www.techniciendesante.fr\/magasins\/annemasse-saint-julien\/materiel-medical-proche-geneve\/","url":"https:\/\/www.techniciendesante.fr\/magasins\/annemasse-saint-julien\/materiel-medical-proche-geneve\/","name":"Mat\u00e9riel m\u00e9dical \u00e0 Gen\u00e8ve \u00e0 la fronti\u00e8re franco-suisse","isPartOf":{"@id":"https:\/\/www.techniciendesante.fr\/magasins\/annemasse-saint-julien\/#website"},"datePublished":"2021-09-14T15:02:28+00:00","dateModified":"2023-11-14T08:26:03+00:00","description":"Les 2 magasins Techniciens de sant\u00e9, \u00e0 quelques minutes de Gen\u00e8ve, proposent du mat\u00e9riel m\u00e9dical et de l'\u00e9quipement de sant\u00e9 pour les particuliers et professionnels. Location, SAV et conseils depuis plus de 40 ans.","breadcrumb":{"@id":"https:\/\/www.techniciendesante.fr\/magasins\/annemasse-saint-julien\/materiel-medical-proche-geneve\/#breadcrumb"},"inLanguage":"fr-FR","potentialAction":[{"@type":"ReadAction","target":["https:\/\/www.techniciendesante.fr\/magasins\/annemasse-saint-julien\/materiel-medical-proche-geneve\/"]}]},{"@type":"BreadcrumbList","@id":"https:\/\/www.techniciendesante.fr\/magasins\/annemasse-saint-julien\/materiel-medical-proche-geneve\/#breadcrumb","itemListElement":[{"@type":"ListItem","position":1,"name":"Accueil","item":"https:\/\/www.techniciendesante.fr\/magasins\/annemasse-saint-julien\/"},{"@type":"ListItem","position":2,"name":"Mat\u00e9riel m\u00e9dical \u00e0 Gen\u00e8ve \u00e0 la fronti\u00e8re franco-suisse"}]},{"@type":"WebSite","@id":"https:\/\/www.techniciendesante.fr\/magasins\/annemasse-saint-julien\/#website","url":"https:\/\/www.techniciendesante.fr\/magasins\/annemasse-saint-julien\/","name":"Annemasse saint julien","description":"Technicien de sant\u00e9","potentialAction":[{"@type":"SearchAction","target":{"@type":"EntryPoint","urlTemplate":"https:\/\/www.techniciendesante.fr\/magasins\/annemasse-saint-julien\/?s={search_term_string}"},"query-input":"required name=search_term_string"}],"inLanguage":"fr-FR"}]}},"_links":{"self":[{"href":"https:\/\/www.techniciendesante.fr\/magasins\/annemasse-saint-julien\/wp-json\/wp\/v2\/pages\/373"}],"collection":[{"href":"https:\/\/www.techniciendesante.fr\/magasins\/annemasse-saint-julien\/wp-json\/wp\/v2\/pages"}],"about":[{"href":"https:\/\/www.techniciendesante.fr\/magasins\/annemasse-saint-julien\/wp-json\/wp\/v2\/types\/page"}],"author":[{"embeddable":true,"href":"https:\/\/www.techniciendesante.fr\/magasins\/annemasse-saint-julien\/wp-json\/wp\/v2\/users\/4"}],"replies":[{"embeddable":true,"href":"https:\/\/www.techniciendesante.fr\/magasins\/annemasse-saint-julien\/wp-json\/wp\/v2\/comments?post=373"}],"version-history":[{"count":8,"href":"https:\/\/www.techniciendesante.fr\/magasins\/annemasse-saint-julien\/wp-json\/wp\/v2\/pages\/373\/revisions"}],"predecessor-version":[{"id":640,"href":"https:\/\/www.techniciendesante.fr\/magasins\/annemasse-saint-julien\/wp-json\/wp\/v2\/pages\/373\/revisions\/640"}],"wp:attachment":[{"href":"https:\/\/www.techniciendesante.fr\/magasins\/annemasse-saint-julien\/wp-json\/wp\/v2\/media?parent=373"}],"curies":[{"name":"wp","href":"https:\/\/api.w.org\/{rel}","templated":true}]}}