






{"id":16,"date":"2021-06-15T15:36:59","date_gmt":"2021-06-15T13:36:59","guid":{"rendered":"https:\/\/www.techniciendesante.fr\/sanary\/?page_id=16"},"modified":"2021-11-08T11:53:12","modified_gmt":"2021-11-08T10:53:12","slug":"catalogues","status":"publish","type":"page","link":"https:\/\/www.techniciendesante.fr\/magasins\/sanary\/catalogues\/","title":{"rendered":"Catalogues de mat\u00e9riel m\u00e9dical \u00e0 Sanary"},"content":{"rendered":"<div class=\"fusion-fullwidth fullwidth-box fusion-builder-row-1 fusion-flex-container nonhundred-percent-fullwidth non-hundred-percent-height-scrolling\" style=\"background-color: rgba(255,255,255,0);background-position: center center;background-repeat: no-repeat;border-width: 0px 0px 0px 0px;border-color:#e2e2e2;border-style:solid;\" ><div class=\"fusion-builder-row fusion-row fusion-flex-align-items-flex-start\" style=\"max-width:1996.8;margin-left: calc(-4% \/ 2 );margin-right: calc(-4% \/ 2 );\"><div class=\"fusion-layout-column fusion_builder_column fusion-builder-column-0 fusion_builder_column_1_1 1_1 fusion-flex-column\"><div class=\"fusion-column-wrapper fusion-flex-justify-content-flex-start fusion-content-layout-column\" style=\"background-position:left top;background-repeat:no-repeat;-webkit-background-size:cover;-moz-background-size:cover;-o-background-size:cover;background-size:cover;padding: 0px 0px 0px 0px;\"><div class=\"fusion-text fusion-text-1\" style=\"transform:translate3d(0,0,0);\"><h1 style=\"text-align: center;\">Catalogues<\/h1>\n<p style=\"text-align: center;\"><strong>____________________________________________<\/strong><\/p>\n<\/div><div class=\"fusion-builder-row fusion-builder-row-inner fusion-row fusion-flex-align-items-flex-start\" style=\"width:104% !important;max-width:104% !important;margin-left: calc(-4% \/ 2 );margin-right: calc(-4% \/ 2 );\"><div class=\"fusion-layout-column fusion_builder_column_inner fusion-builder-nested-column-0 fusion_builder_column_inner_1_2 1_2 fusion-flex-column\"><div class=\"fusion-column-wrapper fusion-flex-justify-content-flex-start fusion-content-layout-column\" style=\"background-position:left top;background-repeat:no-repeat;-webkit-background-size:cover;-moz-background-size:cover;-o-background-size:cover;background-size:cover;padding: 0px 0px 0px 0px;\"><div class=\"fusion-text fusion-text-2 fusion-animated\" style=\"text-align:center;\" data-animationType=\"fadeInLeft\" data-animationDuration=\"0.8\" data-animationOffset=\"100%\"><h4 style=\"text-align: center;\"><strong>Equipement de sant\u00e9 2021 \/2022<br \/>\n(pour particuliers)<br \/>\n<\/strong><\/h4>\n<p style=\"text-align: center;\"><img decoding=\"async\" class=\"alignnone size-full wp-image-622\" src=\"https:\/\/www.techniciendesante.fr\/sanary\/wp-content\/uploads\/sites\/4\/2021\/11\/cata1.jpg\" alt=\"\" width=\"320\" height=\"320\" srcset=\"https:\/\/www.techniciendesante.fr\/magasins\/sanary\/wp-content\/uploads\/sites\/4\/2021\/11\/cata1-66x66.jpg 66w, https:\/\/www.techniciendesante.fr\/magasins\/sanary\/wp-content\/uploads\/sites\/4\/2021\/11\/cata1-150x150.jpg 150w, https:\/\/www.techniciendesante.fr\/magasins\/sanary\/wp-content\/uploads\/sites\/4\/2021\/11\/cata1-200x200.jpg 200w, https:\/\/www.techniciendesante.fr\/magasins\/sanary\/wp-content\/uploads\/sites\/4\/2021\/11\/cata1-300x300.jpg 300w, https:\/\/www.techniciendesante.fr\/magasins\/sanary\/wp-content\/uploads\/sites\/4\/2021\/11\/cata1.jpg 320w\" sizes=\"(max-width: 320px) 100vw, 320px\" \/><\/p>\n<p style=\"text-align: center;\"><div class=\"fusion-aligncenter\"><a class=\"fusion-button button-flat button-large button-blue button-1 fusion-button-default-span fusion-button-default-type\" target=\"_blank\" rel=\"noopener noreferrer\" href=\"https:\/\/online.fliphtml5.com\/edqju\/rcrn\/#p=1\"><i class=\"fa-eye fas button-icon-left\" aria-hidden=\"true\"><\/i><span class=\"fusion-button-text\">Consulter en ligne<\/span><\/a><\/div><\/p>\n<\/div><\/div><\/div><style type=\"text\/css\">.fusion-body .fusion-builder-nested-column-0{width:50% !important;margin-top : 0px;margin-bottom : 20px;}.fusion-builder-nested-column-0 > .fusion-column-wrapper {padding-top : 0px !important;padding-right : 0px !important;margin-right : 3.84%;padding-bottom : 0px !important;padding-left : 0px !important;margin-left : 3.84%;}@media only screen and (max-width:1024px) {.fusion-body .fusion-builder-nested-column-0{width:50% !important;order : 0;}.fusion-builder-nested-column-0 > .fusion-column-wrapper {margin-right : 3.84%;margin-left : 3.84%;}}@media only screen and (max-width:640px) {.fusion-body .fusion-builder-nested-column-0{width:100% !important;order : 0;}.fusion-builder-nested-column-0 > .fusion-column-wrapper {margin-right : 1.92%;margin-left : 1.92%;}}<\/style><div class=\"fusion-layout-column fusion_builder_column_inner fusion-builder-nested-column-1 fusion_builder_column_inner_1_2 1_2 fusion-flex-column\"><div class=\"fusion-column-wrapper fusion-flex-justify-content-flex-start fusion-content-layout-column\" style=\"background-position:left top;background-repeat:no-repeat;-webkit-background-size:cover;-moz-background-size:cover;-o-background-size:cover;background-size:cover;padding: 0px 0px 0px 0px;\"><div class=\"fusion-text fusion-text-3 fusion-animated\" style=\"text-align:center;\" data-animationType=\"fadeInRight\" data-animationDuration=\"0.8\" data-animationOffset=\"100%\"><h4 style=\"text-align: center;\"><strong>Professionnels et \u00e9tablissements de sant\u00e9 2021\/2022<\/strong><\/h4>\n<p style=\"text-align: center;\"><img decoding=\"async\" class=\"alignnone wp-image-624 size-full\" src=\"https:\/\/www.techniciendesante.fr\/sanary\/wp-content\/uploads\/sites\/4\/2021\/11\/cata2.png\" alt=\"\" width=\"320\" height=\"320\" srcset=\"https:\/\/www.techniciendesante.fr\/magasins\/sanary\/wp-content\/uploads\/sites\/4\/2021\/11\/cata2-66x66.png 66w, https:\/\/www.techniciendesante.fr\/magasins\/sanary\/wp-content\/uploads\/sites\/4\/2021\/11\/cata2-150x150.png 150w, https:\/\/www.techniciendesante.fr\/magasins\/sanary\/wp-content\/uploads\/sites\/4\/2021\/11\/cata2-200x200.png 200w, https:\/\/www.techniciendesante.fr\/magasins\/sanary\/wp-content\/uploads\/sites\/4\/2021\/11\/cata2-300x300.png 300w, https:\/\/www.techniciendesante.fr\/magasins\/sanary\/wp-content\/uploads\/sites\/4\/2021\/11\/cata2.png 320w\" sizes=\"(max-width: 320px) 100vw, 320px\" \/><\/p>\n<p style=\"text-align: center;\"><div class=\"fusion-aligncenter\"><a class=\"fusion-button button-flat button-large button-blue button-2 fusion-button-default-span fusion-button-default-type\" target=\"_blank\" rel=\"noopener noreferrer\"><i class=\"fa-eye fas button-icon-left\" aria-hidden=\"true\"><\/i><span class=\"fusion-button-text\">Consulter en ligne<\/span><\/a><\/div><\/p>\n<\/div><\/div><\/div><style type=\"text\/css\">.fusion-body .fusion-builder-nested-column-1{width:50% !important;margin-top : 0px;margin-bottom : 20px;}.fusion-builder-nested-column-1 > .fusion-column-wrapper {padding-top : 0px !important;padding-right : 0px !important;margin-right : 3.84%;padding-bottom : 0px !important;padding-left : 0px !important;margin-left : 3.84%;}@media only screen and (max-width:1024px) {.fusion-body .fusion-builder-nested-column-1{width:50% !important;order : 0;}.fusion-builder-nested-column-1 > .fusion-column-wrapper {margin-right : 3.84%;margin-left : 3.84%;}}@media only screen and (max-width:640px) {.fusion-body .fusion-builder-nested-column-1{width:100% !important;order : 0;}.fusion-builder-nested-column-1 > .fusion-column-wrapper {margin-right : 1.92%;margin-left : 1.92%;}}<\/style><div class=\"fusion-layout-column fusion_builder_column_inner fusion-builder-nested-column-2 fusion_builder_column_inner_1_2 1_2 fusion-flex-column\"><div class=\"fusion-column-wrapper fusion-flex-justify-content-flex-start fusion-content-layout-column\" style=\"background-position:left top;background-repeat:no-repeat;-webkit-background-size:cover;-moz-background-size:cover;-o-background-size:cover;background-size:cover;padding: 0px 0px 0px 0px;\"><\/div><\/div><style type=\"text\/css\">.fusion-body .fusion-builder-nested-column-2{width:50% !important;margin-top : 0px;margin-bottom : 20px;}.fusion-builder-nested-column-2 > .fusion-column-wrapper {padding-top : 0px !important;padding-right : 0px !important;margin-right : 3.84%;padding-bottom : 0px !important;padding-left : 0px !important;margin-left : 3.84%;}@media only screen and (max-width:1024px) {.fusion-body .fusion-builder-nested-column-2{width:50% !important;order : 0;}.fusion-builder-nested-column-2 > .fusion-column-wrapper {margin-right : 3.84%;margin-left : 3.84%;}}@media only screen and (max-width:640px) {.fusion-body .fusion-builder-nested-column-2{width:100% !important;order : 0;}.fusion-builder-nested-column-2 > .fusion-column-wrapper {margin-right : 1.92%;margin-left : 1.92%;}}<\/style><\/div><\/div><\/div><style type=\"text\/css\">.fusion-body .fusion-builder-column-0{width:100% !important;margin-top : 0px;margin-bottom : 20px;}.fusion-builder-column-0 > .fusion-column-wrapper {padding-top : 0px !important;padding-right : 0px !important;margin-right : 1.92%;padding-bottom : 0px !important;padding-left : 0px !important;margin-left : 1.92%;}@media only screen and (max-width:1024px) {.fusion-body .fusion-builder-column-0{width:100% !important;order : 0;}.fusion-builder-column-0 > .fusion-column-wrapper {margin-right : 1.92%;margin-left : 1.92%;}}@media only screen and (max-width:640px) {.fusion-body .fusion-builder-column-0{width:100% !important;order : 0;}.fusion-builder-column-0 > .fusion-column-wrapper {margin-right : 1.92%;margin-left : 1.92%;}}<\/style><\/div><style type=\"text\/css\">.fusion-body .fusion-flex-container.fusion-builder-row-1{ padding-top : 0px;margin-top : 0px;padding-right : 0px;padding-bottom : 0px;margin-bottom : 0px;padding-left : 0px;}<\/style><\/div>\n","protected":false},"excerpt":{"rendered":"","protected":false},"author":5,"featured_media":0,"parent":0,"menu_order":0,"comment_status":"closed","ping_status":"closed","template":"","meta":{"footnotes":""},"yoast_head":"<!-- This site is optimized with the Yoast SEO plugin v22.0 - https:\/\/yoast.com\/wordpress\/plugins\/seo\/ -->\n<title>Catalogues de mat\u00e9riel m\u00e9dical \u00e0 Sanary - Sanary<\/title>\n<meta name=\"description\" content=\"Catalogues d&#039;\u00e9quipement de sant\u00e9 pour les particuliers et les professionnels consultable en ligne ou en magasin.\" \/>\n<meta name=\"robots\" content=\"index, follow, max-snippet:-1, max-image-preview:large, max-video-preview:-1\" \/>\n<link rel=\"canonical\" href=\"https:\/\/www.techniciendesante.fr\/magasins\/sanary\/catalogues\/\" \/>\n<meta property=\"og:locale\" content=\"fr_FR\" \/>\n<meta property=\"og:type\" content=\"article\" \/>\n<meta property=\"og:title\" content=\"Catalogues de mat\u00e9riel m\u00e9dical \u00e0 Sanary - Sanary\" \/>\n<meta property=\"og:description\" content=\"Catalogues d&#039;\u00e9quipement de sant\u00e9 pour les particuliers et les professionnels consultable en ligne ou en magasin.\" \/>\n<meta property=\"og:url\" content=\"https:\/\/www.techniciendesante.fr\/magasins\/sanary\/catalogues\/\" \/>\n<meta property=\"og:site_name\" content=\"Sanary\" \/>\n<meta property=\"article:modified_time\" content=\"2021-11-08T10:53:12+00:00\" \/>\n<meta property=\"og:image\" content=\"https:\/\/www.techniciendesante.fr\/sanary\/wp-content\/uploads\/sites\/4\/2021\/11\/cata1.jpg\" \/>\n<meta name=\"twitter:card\" content=\"summary_large_image\" \/>\n<meta name=\"twitter:label1\" content=\"Dur\u00e9e de lecture estim\u00e9e\" \/>\n\t<meta name=\"twitter:data1\" content=\"4 minutes\" \/>\n<script type=\"application\/ld+json\" class=\"yoast-schema-graph\">{\"@context\":\"https:\/\/schema.org\",\"@graph\":[{\"@type\":\"WebPage\",\"@id\":\"https:\/\/www.techniciendesante.fr\/magasins\/sanary\/catalogues\/\",\"url\":\"https:\/\/www.techniciendesante.fr\/magasins\/sanary\/catalogues\/\",\"name\":\"Catalogues de mat\u00e9riel m\u00e9dical \u00e0 Sanary - Sanary\",\"isPartOf\":{\"@id\":\"https:\/\/www.techniciendesante.fr\/magasins\/sanary\/#website\"},\"datePublished\":\"2021-06-15T13:36:59+00:00\",\"dateModified\":\"2021-11-08T10:53:12+00:00\",\"description\":\"Catalogues d'\u00e9quipement de sant\u00e9 pour les particuliers et les professionnels consultable en ligne ou en magasin.\",\"breadcrumb\":{\"@id\":\"https:\/\/www.techniciendesante.fr\/magasins\/sanary\/catalogues\/#breadcrumb\"},\"inLanguage\":\"fr-FR\",\"potentialAction\":[{\"@type\":\"ReadAction\",\"target\":[\"https:\/\/www.techniciendesante.fr\/magasins\/sanary\/catalogues\/\"]}]},{\"@type\":\"BreadcrumbList\",\"@id\":\"https:\/\/www.techniciendesante.fr\/magasins\/sanary\/catalogues\/#breadcrumb\",\"itemListElement\":[{\"@type\":\"ListItem\",\"position\":1,\"name\":\"Accueil\",\"item\":\"https:\/\/www.techniciendesante.fr\/magasins\/sanary\/\"},{\"@type\":\"ListItem\",\"position\":2,\"name\":\"Catalogues de mat\u00e9riel m\u00e9dical \u00e0 Sanary\"}]},{\"@type\":\"WebSite\",\"@id\":\"https:\/\/www.techniciendesante.fr\/magasins\/sanary\/#website\",\"url\":\"https:\/\/www.techniciendesante.fr\/magasins\/sanary\/\",\"name\":\"Sanary\",\"description\":\"Technicien de sant\u00e9\",\"potentialAction\":[{\"@type\":\"SearchAction\",\"target\":{\"@type\":\"EntryPoint\",\"urlTemplate\":\"https:\/\/www.techniciendesante.fr\/magasins\/sanary\/?s={search_term_string}\"},\"query-input\":\"required name=search_term_string\"}],\"inLanguage\":\"fr-FR\"}]}<\/script>\n<!-- \/ Yoast SEO plugin. -->","yoast_head_json":{"title":"Catalogues de mat\u00e9riel m\u00e9dical \u00e0 Sanary - Sanary","description":"Catalogues d'\u00e9quipement de sant\u00e9 pour les particuliers et les professionnels consultable en ligne ou en magasin.","robots":{"index":"index","follow":"follow","max-snippet":"max-snippet:-1","max-image-preview":"max-image-preview:large","max-video-preview":"max-video-preview:-1"},"canonical":"https:\/\/www.techniciendesante.fr\/magasins\/sanary\/catalogues\/","og_locale":"fr_FR","og_type":"article","og_title":"Catalogues de mat\u00e9riel m\u00e9dical \u00e0 Sanary - Sanary","og_description":"Catalogues d'\u00e9quipement de sant\u00e9 pour les particuliers et les professionnels consultable en ligne ou en magasin.","og_url":"https:\/\/www.techniciendesante.fr\/magasins\/sanary\/catalogues\/","og_site_name":"Sanary","article_modified_time":"2021-11-08T10:53:12+00:00","og_image":[{"url":"https:\/\/www.techniciendesante.fr\/sanary\/wp-content\/uploads\/sites\/4\/2021\/11\/cata1.jpg"}],"twitter_card":"summary_large_image","twitter_misc":{"Dur\u00e9e de lecture estim\u00e9e":"4 minutes"},"schema":{"@context":"https:\/\/schema.org","@graph":[{"@type":"WebPage","@id":"https:\/\/www.techniciendesante.fr\/magasins\/sanary\/catalogues\/","url":"https:\/\/www.techniciendesante.fr\/magasins\/sanary\/catalogues\/","name":"Catalogues de mat\u00e9riel m\u00e9dical \u00e0 Sanary - Sanary","isPartOf":{"@id":"https:\/\/www.techniciendesante.fr\/magasins\/sanary\/#website"},"datePublished":"2021-06-15T13:36:59+00:00","dateModified":"2021-11-08T10:53:12+00:00","description":"Catalogues d'\u00e9quipement de sant\u00e9 pour les particuliers et les professionnels consultable en ligne ou en magasin.","breadcrumb":{"@id":"https:\/\/www.techniciendesante.fr\/magasins\/sanary\/catalogues\/#breadcrumb"},"inLanguage":"fr-FR","potentialAction":[{"@type":"ReadAction","target":["https:\/\/www.techniciendesante.fr\/magasins\/sanary\/catalogues\/"]}]},{"@type":"BreadcrumbList","@id":"https:\/\/www.techniciendesante.fr\/magasins\/sanary\/catalogues\/#breadcrumb","itemListElement":[{"@type":"ListItem","position":1,"name":"Accueil","item":"https:\/\/www.techniciendesante.fr\/magasins\/sanary\/"},{"@type":"ListItem","position":2,"name":"Catalogues de mat\u00e9riel m\u00e9dical \u00e0 Sanary"}]},{"@type":"WebSite","@id":"https:\/\/www.techniciendesante.fr\/magasins\/sanary\/#website","url":"https:\/\/www.techniciendesante.fr\/magasins\/sanary\/","name":"Sanary","description":"Technicien de sant\u00e9","potentialAction":[{"@type":"SearchAction","target":{"@type":"EntryPoint","urlTemplate":"https:\/\/www.techniciendesante.fr\/magasins\/sanary\/?s={search_term_string}"},"query-input":"required name=search_term_string"}],"inLanguage":"fr-FR"}]}},"_links":{"self":[{"href":"https:\/\/www.techniciendesante.fr\/magasins\/sanary\/wp-json\/wp\/v2\/pages\/16"}],"collection":[{"href":"https:\/\/www.techniciendesante.fr\/magasins\/sanary\/wp-json\/wp\/v2\/pages"}],"about":[{"href":"https:\/\/www.techniciendesante.fr\/magasins\/sanary\/wp-json\/wp\/v2\/types\/page"}],"author":[{"embeddable":true,"href":"https:\/\/www.techniciendesante.fr\/magasins\/sanary\/wp-json\/wp\/v2\/users\/5"}],"replies":[{"embeddable":true,"href":"https:\/\/www.techniciendesante.fr\/magasins\/sanary\/wp-json\/wp\/v2\/comments?post=16"}],"version-history":[{"count":12,"href":"https:\/\/www.techniciendesante.fr\/magasins\/sanary\/wp-json\/wp\/v2\/pages\/16\/revisions"}],"predecessor-version":[{"id":621,"href":"https:\/\/www.techniciendesante.fr\/magasins\/sanary\/wp-json\/wp\/v2\/pages\/16\/revisions\/621"}],"wp:attachment":[{"href":"https:\/\/www.techniciendesante.fr\/magasins\/sanary\/wp-json\/wp\/v2\/media?parent=16"}],"curies":[{"name":"wp","href":"https:\/\/api.w.org\/{rel}","templated":true}]}}