






{"id":22,"date":"2021-06-15T15:39:04","date_gmt":"2021-06-15T13:39:04","guid":{"rendered":"https:\/\/www.techniciendesante.fr\/sanary\/?page_id=22"},"modified":"2021-11-12T09:45:26","modified_gmt":"2021-11-12T08:45:26","slug":"pro-et-etablissement-de-sante","status":"publish","type":"page","link":"https:\/\/www.techniciendesante.fr\/magasins\/sanary\/pro-et-etablissement-de-sante\/","title":{"rendered":"Mat\u00e9riel m\u00e9dical pour professionnels et \u00e9tablissements de sant\u00e9"},"content":{"rendered":"<div class=\"fusion-fullwidth fullwidth-box fusion-builder-row-1 fusion-flex-container nonhundred-percent-fullwidth non-hundred-percent-height-scrolling\" style=\"background-color: rgba(255,255,255,0);background-position: center center;background-repeat: no-repeat;border-width: 0px 0px 0px 0px;border-color:#e2e2e2;border-style:solid;\" ><div class=\"fusion-builder-row fusion-row fusion-flex-align-items-flex-start\" style=\"max-width:1996.8;margin-left: calc(-4% \/ 2 );margin-right: calc(-4% \/ 2 );\"><div class=\"fusion-layout-column fusion_builder_column fusion-builder-column-0 fusion_builder_column_1_1 1_1 fusion-flex-column\"><div class=\"fusion-column-wrapper fusion-flex-justify-content-flex-start fusion-content-layout-column\" style=\"background-position:left top;background-repeat:no-repeat;-webkit-background-size:cover;-moz-background-size:cover;-o-background-size:cover;background-size:cover;padding: 0px 0px 0px 0px;\"><div class=\"fusion-text fusion-text-1\" style=\"transform:translate3d(0,0,0);\"><h1 style=\"text-align: center;\">Professionnels<br \/>\n<span style=\"color: #0096da;\">et \u00e9tablissements de sant\u00e9<\/span><\/h1>\n<p style=\"text-align: center;\"><strong>____________________________________________<\/strong><\/p>\n<h2 style=\"text-align: center;\"><div class=\"fusion-lottie fusion-lottie-1\" data-id=\"1\" style=\"margin-top:1;margin-bottom:1;\"><div class=\"fusion-lottie-animation lg-mx-auto\" data-path=\"https:\/\/www.techniciendesante.fr\/sanary\/wp-content\/uploads\/sites\/4\/2021\/09\/21474-medical-frontliners.json\" data-loop=\"1\" data-reverse=\"0\" data-speed=\"1\" data-trigger=\"none\" style=\"width:100%;max-width:440px;\"><\/div><\/div><\/h2>\n<p><strong>Plateforme m\u00e9dicale<\/strong> destin\u00e9e aux c<strong>ollectivit\u00e9s et au professions lib\u00e9rales,<\/strong> nous <strong>disposons du stock<\/strong> pour vous proposer les <strong>consommables et mat\u00e9riels de diagnostics<\/strong> au prix le plus juste.<\/p>\n<h2><span style=\"color: #0096da;\">Pour les collectivit\u00e9s (EHPAD, r\u00e9sidences autonomes, hopitaux, cliniques)<\/span><\/h2>\n<p><strong>Aide \u00e0 la d\u00e9cision<\/strong> avec mise \u00e0 disposition de <strong>logiciel de suivi de commande et de budgets<\/strong> (Hexastat.com) organis\u00e9 par familles : DM, nutrition, investissement, incontinence, pansement&#8230;<\/p>\n<p><strong>Maisons de retraite et Foyers :<\/strong> sp\u00e9cialis\u00e9 dans le conseil aux collectivit\u00e9s de personnes \u00e2g\u00e9es, nous connaissons les besoins des personnes d\u00e9pendantes ainsi que des \u00e9quipes de soins.<\/p>\n<p>Nous sommes r\u00e9f\u00e9renc\u00e9s dans les centrales d\u2019achat de grands groupes d\u2019EHPAD, SSIAD, HAD et service \u00e0 la personne.<\/p>\n<p>Nous fournissons sur devis le mat\u00e9riel m\u00e9dical n\u00e9cessaire au patient et\/ou les consommables pour infirmerie.<\/p>\n<h2><span style=\"color: #0096da;\">Pour les professions lib\u00e9rales \/ professionnels de sant\u00e9<br \/>\n<\/span><\/h2>\n<p><strong>&#8211; Consommables, pansements et mat\u00e9riel de diagnostic<\/strong> destin\u00e9s aux infirmiers, m\u00e9decins et kin\u00e9sith\u00e9rapeutes.<br \/>\nDemandez notre catalogue professionnel en magasin ou <a href=\"https:\/\/online.fliphtml5.com\/edqju\/jgjz\/#p=1\" target=\"_blank\" rel=\"noopener\"><strong>consultez-le en ligne via ce lien<\/strong><\/a><\/p>\n<p style=\"text-align: center;\"><img decoding=\"async\" class=\"alignnone wp-image-600 size-full\" src=\"https:\/\/www.techniciendesante.fr\/sanary\/wp-content\/uploads\/sites\/4\/2021\/10\/catalogue-2021-1.jpg\" alt=\"\" width=\"500\" height=\"500\" srcset=\"https:\/\/www.techniciendesante.fr\/magasins\/sanary\/wp-content\/uploads\/sites\/4\/2021\/10\/catalogue-2021-1-66x66.jpg 66w, https:\/\/www.techniciendesante.fr\/magasins\/sanary\/wp-content\/uploads\/sites\/4\/2021\/10\/catalogue-2021-1-150x150.jpg 150w, https:\/\/www.techniciendesante.fr\/magasins\/sanary\/wp-content\/uploads\/sites\/4\/2021\/10\/catalogue-2021-1-200x200.jpg 200w, https:\/\/www.techniciendesante.fr\/magasins\/sanary\/wp-content\/uploads\/sites\/4\/2021\/10\/catalogue-2021-1-300x300.jpg 300w, https:\/\/www.techniciendesante.fr\/magasins\/sanary\/wp-content\/uploads\/sites\/4\/2021\/10\/catalogue-2021-1-400x400.jpg 400w, https:\/\/www.techniciendesante.fr\/magasins\/sanary\/wp-content\/uploads\/sites\/4\/2021\/10\/catalogue-2021-1.jpg 500w\" sizes=\"(max-width: 500px) 100vw, 500px\" \/><\/p>\n<p><strong>&#8211; Draps d&rsquo;examens, aiguilles, cath\u00e9ter, seringues, compresses, coton, pansement micropore, sets de soins<\/strong><\/p>\n<p><strong>&#8211; Les pansements anti-escarres et la nutrition orale ou ent\u00e9rale.<\/strong><\/p>\n<p><strong>&#8211; R\u00e9cuperation de DASRI<\/strong> : seul organisme Agr\u00e9e \u00ab\u00a0centre de regroupement\u00a0\u00bb pour d\u00e9chet de soins , nous g\u00e9rons vos d\u00e9chets et leur tra\u00e7abilit\u00e9. Vous ne vous occupez de rien : nous g\u00e9rons votre contrat, vos d\u00e9p\u00f4ts et la tra\u00e7abilit\u00e9 mensuelle\/annuelle des d\u00e9chets.<\/p>\n<h3 style=\"text-align: center;\"><strong>Services d\u00e9dies EXCLUSIVEMENT aux professionnels \/<\/strong> <strong>consignes 24h\/24h 7j\/7, site internet d\u00e9di\u00e9 <\/strong><\/h3>\n<p style=\"text-align: center;\">Passez vos commandes par mail (<a href=\"mailto:contact.lvms@gmail.com\"><strong>contact.lvms@gmail.com<\/strong><\/a>) fax (0957098077)<\/p>\n<h2 style=\"text-align: center;\">ou directement sur <a href=\"https:\/\/www.storesante.com\/\" target=\"_blank\" rel=\"noopener\"><strong><u>notre site <\/u><\/strong><strong><u>Storesante.com<\/u><\/strong><\/a><\/h2>\n<p style=\"text-align: center;\">(choisir pour l&rsquo;ouverture de compte \u00ab\u00a0Magasin de Sanary\u00a0\u00bb).<\/p>\n<p style=\"text-align: center;\">Rec\u00e8perez votre commande dans notre <strong><u>consigne ext\u00e9rieure 24h\/24h 7j\/7j <\/u><\/strong>:<\/p>\n<p style=\"text-align: center;\"><a href=\"https:\/\/www.storesante.com\" target=\"_blank\" rel=\"noopener\"><img decoding=\"async\" class=\"alignnone size-full wp-image-594\" src=\"https:\/\/www.techniciendesante.fr\/sanary\/wp-content\/uploads\/sites\/4\/2021\/10\/consigne.jpg\" alt=\"\" width=\"500\" height=\"666\" srcset=\"https:\/\/www.techniciendesante.fr\/magasins\/sanary\/wp-content\/uploads\/sites\/4\/2021\/10\/consigne-200x266.jpg 200w, https:\/\/www.techniciendesante.fr\/magasins\/sanary\/wp-content\/uploads\/sites\/4\/2021\/10\/consigne-225x300.jpg 225w, https:\/\/www.techniciendesante.fr\/magasins\/sanary\/wp-content\/uploads\/sites\/4\/2021\/10\/consigne-400x533.jpg 400w, https:\/\/www.techniciendesante.fr\/magasins\/sanary\/wp-content\/uploads\/sites\/4\/2021\/10\/consigne.jpg 500w\" sizes=\"(max-width: 500px) 100vw, 500px\" \/><\/a><\/p>\n<p style=\"text-align: center;\">Vous partez t\u00f4t le matin ? Vous rentrez tard le soir ? Vous travaillez le weekend ?<br \/>\n<strong>On s&rsquo;adapte : rec\u00e8perez votre commande quand cela vous arrange 24h\/24h 7j\/7j<\/strong><\/p>\n<div class=\"pos-top pos-center align_left column_parent col-lg-12 boomapps_vccolumn single-internal-gutter\">\n<div class=\"uncol style-light\">\n<div class=\"uncoltable\">\n<div class=\"uncell boomapps_vccolumn no-block-padding\">\n<div class=\"uncont\">\n<div class=\"uncode_text_column tds_color_light top-t-bottom animate_when_almost_visible\" style=\"text-align: center;\" data-delay=\"700\">\n<p><strong>Vous cherchez des renseignements ? N\u2019h\u00e9sitez pas \u00e0 nous contacter<\/strong><\/p>\n<\/div>\n<div align=\"center\"><span class=\"btn-container\"><a class=\"custom-link btn btn-lg border-width-0 btn_tds_premium btn-color-508752 btn-round btn-shadow-sm btn-italic btn-icon-left btn-ripple-in btn-border-animated\" href=\"https:\/\/www.techniciendesante.fr\/sanary\/contact-2\/\"><div class=\"fusion-aligncenter\"><style type=\"text\/css\">.fusion-button.button-1 {border-radius:4px;}<\/style><a class=\"fusion-button button-flat button-xlarge button-default button-1 fusion-button-default-span fusion-button-default-type fusion-animated\" data-animationType=\"fadeInLeft\" data-animationDuration=\"0.6\" data-animationOffset=\"100%\" target=\"_self\" href=\"https:\/\/www.techniciendesante.fr\/sanary\/contact-2\/\"><i class=\"fa-phone-alt fas button-icon-left\" aria-hidden=\"true\"><\/i><span class=\"fusion-button-text\">Contactez un conseiller<\/span><\/a><\/div><\/a><\/span><\/div>\n<\/div>\n<\/div>\n<\/div>\n<\/div>\n<\/div>\n<\/div><\/div><\/div><style type=\"text\/css\">.fusion-body .fusion-builder-column-0{width:100% !important;margin-top : 0px;margin-bottom : 20px;}.fusion-builder-column-0 > .fusion-column-wrapper {padding-top : 0px !important;padding-right : 0px !important;margin-right : 1.92%;padding-bottom : 0px !important;padding-left : 0px !important;margin-left : 1.92%;}@media only screen and (max-width:1024px) {.fusion-body .fusion-builder-column-0{width:100% !important;order : 0;}.fusion-builder-column-0 > .fusion-column-wrapper {margin-right : 1.92%;margin-left : 1.92%;}}@media only screen and (max-width:640px) {.fusion-body .fusion-builder-column-0{width:100% !important;order : 0;}.fusion-builder-column-0 > .fusion-column-wrapper {margin-right : 1.92%;margin-left : 1.92%;}}<\/style><\/div><style type=\"text\/css\">.fusion-body .fusion-flex-container.fusion-builder-row-1{ padding-top : 0px;margin-top : 0px;padding-right : 150px;padding-bottom : 0px;margin-bottom : 0px;padding-left : 150px;}<\/style><\/div>\n","protected":false},"excerpt":{"rendered":"","protected":false},"author":5,"featured_media":0,"parent":0,"menu_order":0,"comment_status":"closed","ping_status":"closed","template":"","meta":{"footnotes":""},"yoast_head":"<!-- This site is optimized with the Yoast SEO plugin v22.0 - https:\/\/yoast.com\/wordpress\/plugins\/seo\/ -->\n<title>Mat\u00e9riel m\u00e9dical pour professionnels et \u00e9tablissements de sant\u00e9<\/title>\n<meta name=\"description\" content=\"Technicien de sant\u00e9 \/ M\u00e9dic Sanary est une plateforme m\u00e9dicale destin\u00e9e aux collectivit\u00e9s et au professions lib\u00e9rales disposant du stock afin de proposer les consommables et mat\u00e9riels de diagnostics au prix le plus juste.\" \/>\n<meta name=\"robots\" content=\"index, follow, max-snippet:-1, max-image-preview:large, max-video-preview:-1\" \/>\n<link rel=\"canonical\" href=\"https:\/\/www.techniciendesante.fr\/magasins\/sanary\/pro-et-etablissement-de-sante\/\" \/>\n<meta property=\"og:locale\" content=\"fr_FR\" \/>\n<meta property=\"og:type\" content=\"article\" \/>\n<meta property=\"og:title\" content=\"Mat\u00e9riel m\u00e9dical pour professionnels et \u00e9tablissements de sant\u00e9\" \/>\n<meta property=\"og:description\" content=\"Technicien de sant\u00e9 \/ M\u00e9dic Sanary est une plateforme m\u00e9dicale destin\u00e9e aux collectivit\u00e9s et au professions lib\u00e9rales disposant du stock afin de proposer les consommables et mat\u00e9riels de diagnostics au prix le plus juste.\" \/>\n<meta property=\"og:url\" content=\"https:\/\/www.techniciendesante.fr\/magasins\/sanary\/pro-et-etablissement-de-sante\/\" \/>\n<meta property=\"og:site_name\" content=\"Sanary\" \/>\n<meta property=\"article:modified_time\" content=\"2021-11-12T08:45:26+00:00\" \/>\n<meta property=\"og:image\" content=\"https:\/\/www.techniciendesante.fr\/sanary\/wp-content\/uploads\/sites\/4\/2021\/10\/catalogue-2021-1.jpg\" \/>\n<meta name=\"twitter:card\" content=\"summary_large_image\" \/>\n<meta name=\"twitter:label1\" content=\"Dur\u00e9e de lecture estim\u00e9e\" \/>\n\t<meta name=\"twitter:data1\" content=\"6 minutes\" \/>\n<script type=\"application\/ld+json\" class=\"yoast-schema-graph\">{\"@context\":\"https:\/\/schema.org\",\"@graph\":[{\"@type\":\"WebPage\",\"@id\":\"https:\/\/www.techniciendesante.fr\/magasins\/sanary\/pro-et-etablissement-de-sante\/\",\"url\":\"https:\/\/www.techniciendesante.fr\/magasins\/sanary\/pro-et-etablissement-de-sante\/\",\"name\":\"Mat\u00e9riel m\u00e9dical pour professionnels et \u00e9tablissements de sant\u00e9\",\"isPartOf\":{\"@id\":\"https:\/\/www.techniciendesante.fr\/magasins\/sanary\/#website\"},\"datePublished\":\"2021-06-15T13:39:04+00:00\",\"dateModified\":\"2021-11-12T08:45:26+00:00\",\"description\":\"Technicien de sant\u00e9 \/ M\u00e9dic Sanary est une plateforme m\u00e9dicale destin\u00e9e aux collectivit\u00e9s et au professions lib\u00e9rales disposant du stock afin de proposer les consommables et mat\u00e9riels de diagnostics au prix le plus juste.\",\"breadcrumb\":{\"@id\":\"https:\/\/www.techniciendesante.fr\/magasins\/sanary\/pro-et-etablissement-de-sante\/#breadcrumb\"},\"inLanguage\":\"fr-FR\",\"potentialAction\":[{\"@type\":\"ReadAction\",\"target\":[\"https:\/\/www.techniciendesante.fr\/magasins\/sanary\/pro-et-etablissement-de-sante\/\"]}]},{\"@type\":\"BreadcrumbList\",\"@id\":\"https:\/\/www.techniciendesante.fr\/magasins\/sanary\/pro-et-etablissement-de-sante\/#breadcrumb\",\"itemListElement\":[{\"@type\":\"ListItem\",\"position\":1,\"name\":\"Accueil\",\"item\":\"https:\/\/www.techniciendesante.fr\/magasins\/sanary\/\"},{\"@type\":\"ListItem\",\"position\":2,\"name\":\"Mat\u00e9riel m\u00e9dical pour professionnels et \u00e9tablissements de sant\u00e9\"}]},{\"@type\":\"WebSite\",\"@id\":\"https:\/\/www.techniciendesante.fr\/magasins\/sanary\/#website\",\"url\":\"https:\/\/www.techniciendesante.fr\/magasins\/sanary\/\",\"name\":\"Sanary\",\"description\":\"Technicien de sant\u00e9\",\"potentialAction\":[{\"@type\":\"SearchAction\",\"target\":{\"@type\":\"EntryPoint\",\"urlTemplate\":\"https:\/\/www.techniciendesante.fr\/magasins\/sanary\/?s={search_term_string}\"},\"query-input\":\"required name=search_term_string\"}],\"inLanguage\":\"fr-FR\"}]}<\/script>\n<!-- \/ Yoast SEO plugin. -->","yoast_head_json":{"title":"Mat\u00e9riel m\u00e9dical pour professionnels et \u00e9tablissements de sant\u00e9","description":"Technicien de sant\u00e9 \/ M\u00e9dic Sanary est une plateforme m\u00e9dicale destin\u00e9e aux collectivit\u00e9s et au professions lib\u00e9rales disposant du stock afin de proposer les consommables et mat\u00e9riels de diagnostics au prix le plus juste.","robots":{"index":"index","follow":"follow","max-snippet":"max-snippet:-1","max-image-preview":"max-image-preview:large","max-video-preview":"max-video-preview:-1"},"canonical":"https:\/\/www.techniciendesante.fr\/magasins\/sanary\/pro-et-etablissement-de-sante\/","og_locale":"fr_FR","og_type":"article","og_title":"Mat\u00e9riel m\u00e9dical pour professionnels et \u00e9tablissements de sant\u00e9","og_description":"Technicien de sant\u00e9 \/ M\u00e9dic Sanary est une plateforme m\u00e9dicale destin\u00e9e aux collectivit\u00e9s et au professions lib\u00e9rales disposant du stock afin de proposer les consommables et mat\u00e9riels de diagnostics au prix le plus juste.","og_url":"https:\/\/www.techniciendesante.fr\/magasins\/sanary\/pro-et-etablissement-de-sante\/","og_site_name":"Sanary","article_modified_time":"2021-11-12T08:45:26+00:00","og_image":[{"url":"https:\/\/www.techniciendesante.fr\/sanary\/wp-content\/uploads\/sites\/4\/2021\/10\/catalogue-2021-1.jpg"}],"twitter_card":"summary_large_image","twitter_misc":{"Dur\u00e9e de lecture estim\u00e9e":"6 minutes"},"schema":{"@context":"https:\/\/schema.org","@graph":[{"@type":"WebPage","@id":"https:\/\/www.techniciendesante.fr\/magasins\/sanary\/pro-et-etablissement-de-sante\/","url":"https:\/\/www.techniciendesante.fr\/magasins\/sanary\/pro-et-etablissement-de-sante\/","name":"Mat\u00e9riel m\u00e9dical pour professionnels et \u00e9tablissements de sant\u00e9","isPartOf":{"@id":"https:\/\/www.techniciendesante.fr\/magasins\/sanary\/#website"},"datePublished":"2021-06-15T13:39:04+00:00","dateModified":"2021-11-12T08:45:26+00:00","description":"Technicien de sant\u00e9 \/ M\u00e9dic Sanary est une plateforme m\u00e9dicale destin\u00e9e aux collectivit\u00e9s et au professions lib\u00e9rales disposant du stock afin de proposer les consommables et mat\u00e9riels de diagnostics au prix le plus juste.","breadcrumb":{"@id":"https:\/\/www.techniciendesante.fr\/magasins\/sanary\/pro-et-etablissement-de-sante\/#breadcrumb"},"inLanguage":"fr-FR","potentialAction":[{"@type":"ReadAction","target":["https:\/\/www.techniciendesante.fr\/magasins\/sanary\/pro-et-etablissement-de-sante\/"]}]},{"@type":"BreadcrumbList","@id":"https:\/\/www.techniciendesante.fr\/magasins\/sanary\/pro-et-etablissement-de-sante\/#breadcrumb","itemListElement":[{"@type":"ListItem","position":1,"name":"Accueil","item":"https:\/\/www.techniciendesante.fr\/magasins\/sanary\/"},{"@type":"ListItem","position":2,"name":"Mat\u00e9riel m\u00e9dical pour professionnels et \u00e9tablissements de sant\u00e9"}]},{"@type":"WebSite","@id":"https:\/\/www.techniciendesante.fr\/magasins\/sanary\/#website","url":"https:\/\/www.techniciendesante.fr\/magasins\/sanary\/","name":"Sanary","description":"Technicien de sant\u00e9","potentialAction":[{"@type":"SearchAction","target":{"@type":"EntryPoint","urlTemplate":"https:\/\/www.techniciendesante.fr\/magasins\/sanary\/?s={search_term_string}"},"query-input":"required name=search_term_string"}],"inLanguage":"fr-FR"}]}},"_links":{"self":[{"href":"https:\/\/www.techniciendesante.fr\/magasins\/sanary\/wp-json\/wp\/v2\/pages\/22"}],"collection":[{"href":"https:\/\/www.techniciendesante.fr\/magasins\/sanary\/wp-json\/wp\/v2\/pages"}],"about":[{"href":"https:\/\/www.techniciendesante.fr\/magasins\/sanary\/wp-json\/wp\/v2\/types\/page"}],"author":[{"embeddable":true,"href":"https:\/\/www.techniciendesante.fr\/magasins\/sanary\/wp-json\/wp\/v2\/users\/5"}],"replies":[{"embeddable":true,"href":"https:\/\/www.techniciendesante.fr\/magasins\/sanary\/wp-json\/wp\/v2\/comments?post=22"}],"version-history":[{"count":28,"href":"https:\/\/www.techniciendesante.fr\/magasins\/sanary\/wp-json\/wp\/v2\/pages\/22\/revisions"}],"predecessor-version":[{"id":634,"href":"https:\/\/www.techniciendesante.fr\/magasins\/sanary\/wp-json\/wp\/v2\/pages\/22\/revisions\/634"}],"wp:attachment":[{"href":"https:\/\/www.techniciendesante.fr\/magasins\/sanary\/wp-json\/wp\/v2\/media?parent=22"}],"curies":[{"name":"wp","href":"https:\/\/api.w.org\/{rel}","templated":true}]}}