






{"id":24,"date":"2021-06-15T15:46:06","date_gmt":"2021-06-15T13:46:06","guid":{"rendered":"https:\/\/www.techniciendesante.fr\/sanary\/?page_id=24"},"modified":"2021-10-22T10:10:26","modified_gmt":"2021-10-22T08:10:26","slug":"contact-2","status":"publish","type":"page","link":"https:\/\/www.techniciendesante.fr\/magasins\/sanary\/contact-2\/","title":{"rendered":"Contact du magasin de mat\u00e9riel m\u00e9dical de Sanary-sur-Mer"},"content":{"rendered":"<div class=\"fusion-fullwidth fullwidth-box fusion-builder-row-1 fusion-flex-container nonhundred-percent-fullwidth non-hundred-percent-height-scrolling\" style=\"background-color: rgba(255,255,255,0);background-position: center center;background-repeat: no-repeat;border-width: 0px 0px 0px 0px;border-color:#e2e2e2;border-style:solid;\" ><div class=\"fusion-builder-row fusion-row fusion-flex-align-items-flex-start\" style=\"max-width:1996.8;margin-left: calc(-4% \/ 2 );margin-right: calc(-4% \/ 2 );\"><div class=\"fusion-layout-column fusion_builder_column fusion-builder-column-0 fusion_builder_column_1_1 1_1 fusion-flex-column\"><div class=\"fusion-column-wrapper fusion-flex-justify-content-flex-start fusion-content-layout-column\" style=\"background-position:left top;background-repeat:no-repeat;-webkit-background-size:cover;-moz-background-size:cover;-o-background-size:cover;background-size:cover;padding: 0px 0px 0px 0px;\"><div class=\"fusion-text fusion-text-1\" style=\"transform:translate3d(0,0,0);\"><h1 style=\"text-align: center;\">Contact du <span style=\"color: #0096da;\">magasin<br \/>\n<\/span><\/h1>\n<p style=\"text-align: center;\"><strong>____________________________________________<\/strong><\/p>\n<div class=\"pos-top pos-center align_left column_parent col-lg-12 boomapps_vccolumn single-internal-gutter\">\n<div class=\"uncol style-light\">\n<div class=\"uncoltable\">\n<div class=\"uncell boomapps_vccolumn no-block-padding\">\n<h3 class=\"uncont\" style=\"text-align: center;\"><b>Rond point Fleur de Mai<br \/>\n307 avenue du 2\u00e8me Spahis<\/b><br \/>\n<b>83110 <span class=\"ft25 alter_color\">\u2022<\/span> SANARY-SUR-MER<\/b><\/h3>\n<p style=\"text-align: center;\">\n<\/div>\n<\/div>\n<\/div>\n<\/div>\n<\/div><div style=\"text-align:center;\"><style type=\"text\/css\">.fusion-button.button-1 {border-radius:6px;}<\/style><a class=\"fusion-button button-flat button-xlarge button-default button-1 fusion-button-default-span fusion-button-default-type fusion-animated\" data-animationType=\"fadeInUp\" data-animationDuration=\"0.9\" data-animationOffset=\"100%\" target=\"_self\" href=\"tel:0494741870\" style=\"margin-bottom:40px;\"><i class=\"fa-phone-alt fas button-icon-left\" aria-hidden=\"true\"><\/i><span class=\"fusion-button-text\">04 94 74 18 70<\/span><\/a><\/div><div align=\"center\"><iframe src=\"https:\/\/www.google.com\/maps\/embed?pb=!1m14!1m8!1m3!1d11648.7831308849!2d5.8046377!3d43.1214132!3m2!1i1024!2i768!4f13.1!3m3!1m2!1s0x0%3A0x46afeb040548152f!2sSARL%20Medic%20Sanary!5e0!3m2!1sfr!2sfr!4v1634890144499!5m2!1sfr!2sfr\" width=\"600\" height=\"450\" style=\"border:0;\" allowfullscreen=\"\" loading=\"lazy\"><\/iframe><\/center><\/div><\/div><style type=\"text\/css\">.fusion-body .fusion-builder-column-0{width:100% !important;margin-top : 0px;margin-bottom : 20px;}.fusion-builder-column-0 > .fusion-column-wrapper {padding-top : 0px !important;padding-right : 0px !important;margin-right : 1.92%;padding-bottom : 0px !important;padding-left : 0px !important;margin-left : 1.92%;}@media only screen and (max-width:1024px) {.fusion-body .fusion-builder-column-0{width:100% !important;order : 0;}.fusion-builder-column-0 > .fusion-column-wrapper {margin-right : 1.92%;margin-left : 1.92%;}}@media only screen and (max-width:640px) {.fusion-body .fusion-builder-column-0{width:100% !important;order : 0;}.fusion-builder-column-0 > .fusion-column-wrapper {margin-right : 1.92%;margin-left : 1.92%;}}<\/style><\/div><style type=\"text\/css\">.fusion-body .fusion-flex-container.fusion-builder-row-1{ padding-top : 0px;margin-top : 0px;padding-right : 150px;padding-bottom : 0px;margin-bottom : 0px;padding-left : 150px;}<\/style><\/div>\n","protected":false},"excerpt":{"rendered":"","protected":false},"author":5,"featured_media":0,"parent":0,"menu_order":0,"comment_status":"closed","ping_status":"closed","template":"","meta":{"footnotes":""},"yoast_head":"<!-- This site is optimized with the Yoast SEO plugin v22.0 - https:\/\/yoast.com\/wordpress\/plugins\/seo\/ -->\n<title>Contact du magasin de mat\u00e9riel m\u00e9dical de Bressuire<\/title>\n<meta name=\"description\" content=\"Coordonn\u00e9es du magasin Technicien de sant\u00e9 Bressuire : adresse, t\u00e9l\u00e9phone et contact formulaire.\" \/>\n<meta name=\"robots\" content=\"index, follow, max-snippet:-1, max-image-preview:large, max-video-preview:-1\" \/>\n<link rel=\"canonical\" href=\"https:\/\/www.techniciendesante.fr\/magasins\/sanary\/contact-2\/\" \/>\n<meta property=\"og:locale\" content=\"fr_FR\" \/>\n<meta property=\"og:type\" content=\"article\" \/>\n<meta property=\"og:title\" content=\"Contact du magasin de mat\u00e9riel m\u00e9dical de Bressuire\" \/>\n<meta property=\"og:description\" content=\"Coordonn\u00e9es du magasin Technicien de sant\u00e9 Bressuire : adresse, t\u00e9l\u00e9phone et contact formulaire.\" \/>\n<meta property=\"og:url\" content=\"https:\/\/www.techniciendesante.fr\/magasins\/sanary\/contact-2\/\" \/>\n<meta property=\"og:site_name\" content=\"Sanary\" \/>\n<meta property=\"article:modified_time\" content=\"2021-10-22T08:10:26+00:00\" \/>\n<meta name=\"twitter:card\" content=\"summary_large_image\" \/>\n<meta name=\"twitter:label1\" content=\"Dur\u00e9e de lecture estim\u00e9e\" \/>\n\t<meta name=\"twitter:data1\" content=\"2 minutes\" \/>\n<script type=\"application\/ld+json\" class=\"yoast-schema-graph\">{\"@context\":\"https:\/\/schema.org\",\"@graph\":[{\"@type\":\"WebPage\",\"@id\":\"https:\/\/www.techniciendesante.fr\/magasins\/sanary\/contact-2\/\",\"url\":\"https:\/\/www.techniciendesante.fr\/magasins\/sanary\/contact-2\/\",\"name\":\"Contact du magasin de mat\u00e9riel m\u00e9dical de Bressuire\",\"isPartOf\":{\"@id\":\"https:\/\/www.techniciendesante.fr\/magasins\/sanary\/#website\"},\"datePublished\":\"2021-06-15T13:46:06+00:00\",\"dateModified\":\"2021-10-22T08:10:26+00:00\",\"description\":\"Coordonn\u00e9es du magasin Technicien de sant\u00e9 Bressuire : adresse, t\u00e9l\u00e9phone et contact formulaire.\",\"breadcrumb\":{\"@id\":\"https:\/\/www.techniciendesante.fr\/magasins\/sanary\/contact-2\/#breadcrumb\"},\"inLanguage\":\"fr-FR\",\"potentialAction\":[{\"@type\":\"ReadAction\",\"target\":[\"https:\/\/www.techniciendesante.fr\/magasins\/sanary\/contact-2\/\"]}]},{\"@type\":\"BreadcrumbList\",\"@id\":\"https:\/\/www.techniciendesante.fr\/magasins\/sanary\/contact-2\/#breadcrumb\",\"itemListElement\":[{\"@type\":\"ListItem\",\"position\":1,\"name\":\"Accueil\",\"item\":\"https:\/\/www.techniciendesante.fr\/magasins\/sanary\/\"},{\"@type\":\"ListItem\",\"position\":2,\"name\":\"Contact du magasin de mat\u00e9riel m\u00e9dical de Sanary-sur-Mer\"}]},{\"@type\":\"WebSite\",\"@id\":\"https:\/\/www.techniciendesante.fr\/magasins\/sanary\/#website\",\"url\":\"https:\/\/www.techniciendesante.fr\/magasins\/sanary\/\",\"name\":\"Sanary\",\"description\":\"Technicien de sant\u00e9\",\"potentialAction\":[{\"@type\":\"SearchAction\",\"target\":{\"@type\":\"EntryPoint\",\"urlTemplate\":\"https:\/\/www.techniciendesante.fr\/magasins\/sanary\/?s={search_term_string}\"},\"query-input\":\"required name=search_term_string\"}],\"inLanguage\":\"fr-FR\"}]}<\/script>\n<!-- \/ Yoast SEO plugin. -->","yoast_head_json":{"title":"Contact du magasin de mat\u00e9riel m\u00e9dical de Bressuire","description":"Coordonn\u00e9es du magasin Technicien de sant\u00e9 Bressuire : adresse, t\u00e9l\u00e9phone et contact formulaire.","robots":{"index":"index","follow":"follow","max-snippet":"max-snippet:-1","max-image-preview":"max-image-preview:large","max-video-preview":"max-video-preview:-1"},"canonical":"https:\/\/www.techniciendesante.fr\/magasins\/sanary\/contact-2\/","og_locale":"fr_FR","og_type":"article","og_title":"Contact du magasin de mat\u00e9riel m\u00e9dical de Bressuire","og_description":"Coordonn\u00e9es du magasin Technicien de sant\u00e9 Bressuire : adresse, t\u00e9l\u00e9phone et contact formulaire.","og_url":"https:\/\/www.techniciendesante.fr\/magasins\/sanary\/contact-2\/","og_site_name":"Sanary","article_modified_time":"2021-10-22T08:10:26+00:00","twitter_card":"summary_large_image","twitter_misc":{"Dur\u00e9e de lecture estim\u00e9e":"2 minutes"},"schema":{"@context":"https:\/\/schema.org","@graph":[{"@type":"WebPage","@id":"https:\/\/www.techniciendesante.fr\/magasins\/sanary\/contact-2\/","url":"https:\/\/www.techniciendesante.fr\/magasins\/sanary\/contact-2\/","name":"Contact du magasin de mat\u00e9riel m\u00e9dical de Bressuire","isPartOf":{"@id":"https:\/\/www.techniciendesante.fr\/magasins\/sanary\/#website"},"datePublished":"2021-06-15T13:46:06+00:00","dateModified":"2021-10-22T08:10:26+00:00","description":"Coordonn\u00e9es du magasin Technicien de sant\u00e9 Bressuire : adresse, t\u00e9l\u00e9phone et contact formulaire.","breadcrumb":{"@id":"https:\/\/www.techniciendesante.fr\/magasins\/sanary\/contact-2\/#breadcrumb"},"inLanguage":"fr-FR","potentialAction":[{"@type":"ReadAction","target":["https:\/\/www.techniciendesante.fr\/magasins\/sanary\/contact-2\/"]}]},{"@type":"BreadcrumbList","@id":"https:\/\/www.techniciendesante.fr\/magasins\/sanary\/contact-2\/#breadcrumb","itemListElement":[{"@type":"ListItem","position":1,"name":"Accueil","item":"https:\/\/www.techniciendesante.fr\/magasins\/sanary\/"},{"@type":"ListItem","position":2,"name":"Contact du magasin de mat\u00e9riel m\u00e9dical de Sanary-sur-Mer"}]},{"@type":"WebSite","@id":"https:\/\/www.techniciendesante.fr\/magasins\/sanary\/#website","url":"https:\/\/www.techniciendesante.fr\/magasins\/sanary\/","name":"Sanary","description":"Technicien de sant\u00e9","potentialAction":[{"@type":"SearchAction","target":{"@type":"EntryPoint","urlTemplate":"https:\/\/www.techniciendesante.fr\/magasins\/sanary\/?s={search_term_string}"},"query-input":"required name=search_term_string"}],"inLanguage":"fr-FR"}]}},"_links":{"self":[{"href":"https:\/\/www.techniciendesante.fr\/magasins\/sanary\/wp-json\/wp\/v2\/pages\/24"}],"collection":[{"href":"https:\/\/www.techniciendesante.fr\/magasins\/sanary\/wp-json\/wp\/v2\/pages"}],"about":[{"href":"https:\/\/www.techniciendesante.fr\/magasins\/sanary\/wp-json\/wp\/v2\/types\/page"}],"author":[{"embeddable":true,"href":"https:\/\/www.techniciendesante.fr\/magasins\/sanary\/wp-json\/wp\/v2\/users\/5"}],"replies":[{"embeddable":true,"href":"https:\/\/www.techniciendesante.fr\/magasins\/sanary\/wp-json\/wp\/v2\/comments?post=24"}],"version-history":[{"count":24,"href":"https:\/\/www.techniciendesante.fr\/magasins\/sanary\/wp-json\/wp\/v2\/pages\/24\/revisions"}],"predecessor-version":[{"id":614,"href":"https:\/\/www.techniciendesante.fr\/magasins\/sanary\/wp-json\/wp\/v2\/pages\/24\/revisions\/614"}],"wp:attachment":[{"href":"https:\/\/www.techniciendesante.fr\/magasins\/sanary\/wp-json\/wp\/v2\/media?parent=24"}],"curies":[{"name":"wp","href":"https:\/\/api.w.org\/{rel}","templated":true}]}}