






{"id":11246,"date":"2023-09-15T10:59:45","date_gmt":"2023-09-15T08:59:45","guid":{"rendered":"https:\/\/www.techniciendesante.fr\/magasins\/?page_id=11246"},"modified":"2023-09-15T10:59:45","modified_gmt":"2023-09-15T08:59:45","slug":"mentions-legales","status":"publish","type":"page","link":"https:\/\/www.techniciendesante.fr\/magasins\/mentions-legales\/","title":{"rendered":"Mentions l\u00e9gales"},"content":{"rendered":"<div class=\"fusion-fullwidth fullwidth-box fusion-builder-row-1 fusion-flex-container hundred-percent-fullwidth non-hundred-percent-height-scrolling fusion-custom-z-index\" style=\"background-color: rgba(255,255,255,0);background-position: center center;background-repeat: no-repeat;border-width: 0px 0px 0px 0px;border-color:#e2e2e2;border-style:solid;\" ><div class=\"fusion-builder-row fusion-row fusion-flex-align-items-center fusion-flex-justify-content-center\" style=\"width:calc( 100% + 0px ) !important;max-width:calc( 100% + 0px ) !important;margin-left: calc(-0px \/ 2 );margin-right: calc(-0px \/ 2 );\"><div class=\"fusion-layout-column fusion_builder_column fusion-builder-column-0 fusion_builder_column_1_1 1_1 fusion-flex-column fusion-flex-align-self-center\"><div class=\"fusion-column-wrapper fusion-flex-justify-content-center fusion-content-layout-column\" style=\"background-position:left top;background-repeat:no-repeat;-webkit-background-size:cover;-moz-background-size:cover;-o-background-size:cover;background-size:cover;padding: 0px 0px 0px 0px;\"><style type=\"text\/css\">@media only screen and (max-width:1024px) {.fusion-title.fusion-title-1{margin-top:10px!important;margin-bottom:15px!important;}}@media only screen and (max-width:640px) {.fusion-title.fusion-title-1{margin-top:10px!important;margin-bottom:10px!important;}}<\/style><div class=\"fusion-title title fusion-title-1 fusion-sep-none fusion-title-center fusion-title-text fusion-title-size-one\" style=\"margin-top:10px;margin-bottom:15px;\"><h1 class=\"title-heading-center\" style=\"margin:0;\"><strong>Mentions L\u00e9gales<\/strong><\/h1><\/div><div class=\"fusion-text fusion-text-1\" style=\"text-align:left;transform:translate3d(0,0,0);\"><h2><strong>1. Pr\u00e9sentation du site.<\/strong><\/h2>\n<p>En vertu de l\u2019article 6 de la loi n\u00b0 2004-575 du 21 juin 2004 pour la confiance dans l\u2019\u00e9conomie num\u00e9rique, il est pr\u00e9cis\u00e9 aux utilisateurs du site <a href=\"https:\/\/techniciendesante.fr\">https:\/\/techniciendesante.fr<\/a> l\u2019identit\u00e9 des diff\u00e9rents intervenants dans le cadre de sa r\u00e9alisation et de son suivi :<\/p>\n<p><b>Propri\u00e9taire<\/b> : Hexa Plus Sant\u00e9 groupe UNION HEALTHCARE &#8211; 2 RUE DES MICOCOULIERS 66600 RIVESALTES<em><br \/><\/em><strong>Num\u00e9ro SIREN\u00a0<\/strong>: 412837262<br \/><b>T\u00e9l\u00e9phone<\/b> : <a href=\"https:\/\/www.google.com\/search?q=hexa+plus+sant%C3%A9&amp;oq=hexa+plus+sant%C3%A9&amp;aqs=chrome.0.35i39i355i650j46i39i175i199i650j0i22i30l3j69i61l2.3336j0j4&amp;sourceid=chrome&amp;ie=UTF-8#\" data-dtype=\"d3ph\" data-local-attribute=\"d3ph\" data-ved=\"2ahUKEwiMgJ-slayBAxUTTaQEHdYyBe4QkAgoAHoECBYQAw\"><span aria-label=\"Appeler le 04 68 08 26 20\">04 68 08 26 20<\/span><\/a><br \/><b>Adresse du site<\/b> :\u00a0https:\/\/techniciendesante.fr<br \/><b>Responsable de publication<\/b> : Hexa Plus Sant\u00e9 groupe UNION HEALTHCARE<br \/><b>H\u00e9bergeur<\/b> : OVH, situ\u00e9e 2 Rue Kellermann 59100 ROUBAIX, (contact t\u00e9l\u00e9phonique ou email : +33899701761).<br \/><b>Responsable technique<\/b> : Hexa Plus Sant\u00e9 groupe UNION HEALTHCARE<\/p>\n<h2><strong>2. Conditions g\u00e9n\u00e9rales d\u2019utilisation du site et des services propos\u00e9s.<\/strong><\/h2>\n<p>L\u2019utilisation du site <a href=\"https:\/\/techniciendesante.fr\">https:\/\/techniciendesante.fr<\/a> implique l\u2019acceptation pleine et enti\u00e8re des conditions g\u00e9n\u00e9rales d\u2019utilisation ci-apr\u00e8s d\u00e9crites. Ces conditions d\u2019utilisation sont susceptibles d\u2019\u00eatre modifi\u00e9es ou compl\u00e9t\u00e9es \u00e0 tout moment, les utilisateurs du site <a href=\"https:\/\/techniciendesante.fr\">https:\/\/techniciendesante.fr<\/a> sont donc invit\u00e9s \u00e0 les consulter de mani\u00e8re r\u00e9guli\u00e8re. Ce site est normalement accessible \u00e0 tout moment aux utilisateurs. Une interruption pour raison de maintenance technique peut \u00eatre toutefois d\u00e9cid\u00e9e par Hexa Plus Sant\u00e9 groupe UNION HEALTHCARE, qui s\u2019efforcera alors de communiquer pr\u00e9alablement aux utilisateurs les dates et heures de l\u2019intervention. Le site <a href=\"https:\/\/techniciendesante.fr\">https:\/\/techniciendesante.fr<\/a> est mis \u00e0 jour r\u00e9guli\u00e8rement par Hexa Plus Sant\u00e9 groupe UNION HEALTHCARE. De la m\u00eame fa\u00e7on, les mentions l\u00e9gales peuvent \u00eatre modifi\u00e9es \u00e0 tout moment : elles s\u2019imposent n\u00e9anmoins \u00e0 l\u2019utilisateur qui est invit\u00e9 \u00e0 s\u2019y r\u00e9f\u00e9rer le plus souvent possible afin d\u2019en prendre connaissance.<\/p>\n<h2><strong>3. Description des services fournis.<\/strong><\/h2>\n<p>Le site <a href=\"https:\/\/techniciendesante.fr\">https:\/\/techniciendesante.fr<\/a> a pour objet de fournir une information concernant l\u2019ensemble des activit\u00e9s de la soci\u00e9t\u00e9. Hexa Plus Sant\u00e9 groupe UNION HEALTHCARE s\u2019efforce de fournir sur le site <a href=\"https:\/\/techniciendesante.fr\">https:\/\/techniciendesante.fr<\/a> des informations aussi pr\u00e9cises que possible. Toutefois, il ne pourra \u00eatre tenue responsable des omissions, des inexactitudes et des carences dans la mise \u00e0 jour, qu\u2019elles soient de son fait ou du fait des tiers partenaires qui lui fournissent ces informations. Toutes les informations indiqu\u00e9es sur le site <a href=\"https:\/\/techniciendesante.fr\">https:\/\/techniciendesante.fr<\/a> sont donn\u00e9es \u00e0 titre indicatif, et sont susceptibles d\u2019\u00e9voluer. Par ailleurs, les renseignements figurant sur le site <a href=\"https:\/\/techniciendesante.fr\">https:\/\/techniciendesante.fr<\/a>\u00a0ne sont pas exhaustifs. Ils sont donn\u00e9s sous r\u00e9serve de modifications ayant \u00e9t\u00e9 apport\u00e9es depuis leur mise en ligne.<\/p>\n<h2><strong>4. Limitations contractuelles sur les donn\u00e9es techniques.<\/strong><\/h2>\n<p>Le site utilise les syst\u00e8mes de gestion de contenus WordPress et Prestashop d\u00e9velopp\u00e9s en PHP et Javascript essentiellement. Le site Internet ne pourra \u00eatre tenu responsable de dommages mat\u00e9riels li\u00e9s \u00e0 l\u2019utilisation du site. De plus, l\u2019utilisateur du site s\u2019engage \u00e0 acc\u00e9der au site en utilisant un mat\u00e9riel r\u00e9cent, ne contenant pas de virus et avec un navigateur de derni\u00e8re g\u00e9n\u00e9ration \u00e0 jour. Pour en savoir plus sur les donn\u00e9es techniques, vous pouvez nous contacter par t\u00e9l\u00e9phone ou par mail.<\/p>\n<h2><strong>5. Propri\u00e9t\u00e9 intellectuelle et contrefa\u00e7ons.<\/strong><\/h2>\n<p>Hexa Plus Sant\u00e9 groupe UNION HEALTHCARE est propri\u00e9taire des droits de propri\u00e9t\u00e9 intellectuelle ou d\u00e9tient les droits d\u2019usage sur tous les \u00e9l\u00e9ments accessibles sur le site, notamment les textes, images, graphismes, logo, ic\u00f4nes, sons, logiciels. Toute reproduction, repr\u00e9sentation, modification, publication, adaptation de tout ou partie des \u00e9l\u00e9ments du site, quel que soit le moyen ou le proc\u00e9d\u00e9 utilis\u00e9, est interdite, sauf autorisation \u00e9crite pr\u00e9alable du dirigeant de Hexa Plus Sant\u00e9 groupe UNION HEALTHCARE. Toute exploitation non autoris\u00e9e du site ou de l\u2019un des \u00e9l\u00e9ments qu\u2019il contient sera consid\u00e9r\u00e9e comme constitutive d\u2019une contrefa\u00e7on et poursuivie conform\u00e9ment aux dispositions des articles L.335-2 et suivants du Code de Propri\u00e9t\u00e9 Intellectuelle.<\/p>\n<h2><strong>6. Limitations de responsabilit\u00e9.<\/strong><\/h2>\n<p>Hexa Plus Sant\u00e9 groupe UNION HEALTHCARE ne pourra \u00eatre tenue responsable des dommages directs et indirects caus\u00e9s au mat\u00e9riel de l\u2019utilisateur, lors de l\u2019acc\u00e8s au site <a href=\"https:\/\/techniciendesante.fr\">https:\/\/techniciendesante.fr<\/a>, et r\u00e9sultant soit de l\u2019utilisation d\u2019un mat\u00e9riel ne r\u00e9pondant pas aux sp\u00e9cifications indiqu\u00e9es au point 4, soit de l\u2019apparition d\u2019un bug ou d\u2019une incompatibilit\u00e9. Hexa Plus Sant\u00e9 groupe UNION HEALTHCARE ne pourra \u00e9galement \u00eatre tenue responsable des dommages indirects (tels par exemple qu\u2019une perte de march\u00e9 ou perte d\u2019une chance) cons\u00e9cutifs \u00e0 l\u2019utilisation du site <a href=\"https:\/\/techniciendesante.fr\">https:\/\/techniciendesante.fr<\/a>. Des espaces interactifs dont un formulaire de contact sont \u00e0 la disposition des utilisateurs. Hexa Plus Sant\u00e9 groupe UNION HEALTHCARE se r\u00e9serve le droit de supprimer, sans mise en demeure pr\u00e9alable, tout contenu d\u00e9pos\u00e9 dans cet espace qui contreviendrait \u00e0 la l\u00e9gislation applicable en France, en particulier aux dispositions relatives \u00e0 la protection des donn\u00e9es. Le cas \u00e9ch\u00e9ant, Hexa Plus Sant\u00e9 groupe UNION HEALTHCARE se r\u00e9serve \u00e9galement la possibilit\u00e9 de mettre en cause la responsabilit\u00e9 civile et\/ou p\u00e9nale de l\u2019utilisateur, notamment en cas de message \u00e0 caract\u00e8re raciste, injurieux, diffamant, ou pornographique, quel que soit le support utilis\u00e9 (texte, photographie\u2026).<\/p>\n<h2><strong>7. Gestion des donn\u00e9es personnelles.<\/strong><\/h2>\n<p>En France, les donn\u00e9es personnelles sont notamment prot\u00e9g\u00e9es par le R\u00e8glement Europ\u00e9en sur la Protection des Donn\u00e9es (RGPD) entr\u00e9 en application le 25 mai 2018, la loi n\u00b0 78-87 du 6 janvier 1978, la loi n\u00b0 2004-801 du 6 ao\u00fbt 2004, l\u2019article L. 226-13 du Code p\u00e9nal et la Directive Europ\u00e9enne du 24 octobre 1995. \u00c0 l\u2019occasion de l\u2019utilisation du site <a href=\"https:\/\/techniciendesante.fr\">https:\/\/techniciendesante.fr<\/a>, peuvent \u00eatres recueillies : l\u2019URL des liens par l\u2019interm\u00e9diaire desquels l\u2019utilisateur a acc\u00e9d\u00e9 au site <a href=\"https:\/\/techniciendesante.fr\">https:\/\/techniciendesante.fr<\/a>, le fournisseur d\u2019acc\u00e8s de l\u2019utilisateur, l\u2019adresse de protocole Internet (IP) de l\u2019utilisateur. En tout \u00e9tat de cause, Hexa Plus Sant\u00e9 groupe UNION HEALTHCARE ne collecte des informations personnelles relatives \u00e0 l\u2019utilisateur que pour le besoin de certains services propos\u00e9s par le site <a href=\"https:\/\/techniciendesante.fr\">https:\/\/techniciendesante.fr<\/a>. L\u2019utilisateur fournit ces informations en toute connaissance de cause, notamment lorsqu\u2019il proc\u00e8de par lui-m\u00eame \u00e0 leur saisie. Il est alors pr\u00e9cis\u00e9 \u00e0 l\u2019utilisateur du site <a href=\"https:\/\/techniciendesante.fr\">https:\/\/techniciendesante.fr<\/a>\u00a0l\u2019obligation ou non de fournir ces informations. Conform\u00e9ment aux dispositions des articles 38 et suivants de la loi 78-17 du 6 janvier 1978 relative \u00e0 l\u2019informatique, aux fichiers et aux libert\u00e9s, tout utilisateur dispose d\u2019un droit d\u2019acc\u00e8s, de rectification et d\u2019opposition aux donn\u00e9es personnelles le concernant, en effectuant sa demande \u00e9crite et sign\u00e9e, accompagn\u00e9e d\u2019une copie du titre d\u2019identit\u00e9 avec signature du titulaire de la pi\u00e8ce, en pr\u00e9cisant l\u2019adresse \u00e0 laquelle la r\u00e9ponse doit \u00eatre envoy\u00e9e.<br \/>Aucune information personnelle de l\u2019utilisateur du site <a href=\"https:\/\/techniciendesante.fr\">https:\/\/techniciendesante.fr<\/a> n\u2019est publi\u00e9e \u00e0 l\u2019insu de l\u2019utilisateur, \u00e9chang\u00e9e, transf\u00e9r\u00e9e, c\u00e9d\u00e9e ou vendue sur un support quelconque \u00e0 des tiers. Seule l\u2019hypoth\u00e8se du rachat de Hexa Plus Sant\u00e9 groupe UNION HEALTHCARE et de ses droits permettrait la transmission desdites informations \u00e0 l\u2019\u00e9ventuel acqu\u00e9reur qui serait \u00e0 son tour tenu de la m\u00eame obligation de conservation et de modification des donn\u00e9es vis \u00e0 vis de l\u2019utilisateur du site <a href=\"https:\/\/techniciendesante.fr\">https:\/\/techniciendesante.fr<\/a>.<br \/>Les bases de donn\u00e9es sont prot\u00e9g\u00e9es par les dispositions de la loi du 1er juillet 1998 transposant la directive 96\/9 du 11 mars 1996 relative \u00e0 la protection juridique des bases de donn\u00e9es.<br \/>Pour en savoir plus sur notre politique de confidentialit\u00e9 relative au traitement des donn\u00e9es personnelles, cliquez ici.<\/p>\n<h2><strong>8. Liens hypertextes et cookies.<\/strong><\/h2>\n<p>Le site <a href=\"https:\/\/techniciendesante.fr\">https:\/\/techniciendesante.fr<\/a> contient un certain nombre de liens hypertextes vers d\u2019autres sites, mis en place avec l\u2019autorisation de Hexa Plus Sant\u00e9 groupe UNION HEALTHCARE. Cependant, Hexa Plus Sant\u00e9 groupe UNION HEALTHCARE n\u2019a pas la possibilit\u00e9 de v\u00e9rifier le contenu des sites ainsi visit\u00e9s, et n\u2019assumera en cons\u00e9quence aucune responsabilit\u00e9 de ce fait. La navigation sur le site <a href=\"https:\/\/techniciendesante.fr\">https:\/\/techniciendesante.fr<\/a> est susceptible de provoquer l\u2019installation de cookie(s) sur l\u2019ordinateur de l\u2019utilisateur. Un cookie est un fichier de petite taille, qui ne permet pas l\u2019identification de l\u2019utilisateur, mais qui enregistre des informations relatives \u00e0 la navigation d\u2019un ordinateur sur un site. Les donn\u00e9es ainsi obtenues visent \u00e0 faciliter la navigation ult\u00e9rieure sur le site, et ont \u00e9galement vocation \u00e0 permettre diverses mesures de fr\u00e9quentation. Le refus d\u2019installation d\u2019un cookie peut entra\u00eener l\u2019impossibilit\u00e9 d\u2019acc\u00e9der \u00e0 certains services. L\u2019utilisateur peut toutefois configurer son ordinateur de la mani\u00e8re suivante, pour refuser l\u2019installation des cookies :<br \/>Sous Internet Explorer : onglet outil (pictogramme en forme de rouage en haut a droite) \/ options internet. Cliquez sur Confidentialit\u00e9 et choisissez Bloquer tous les cookies. Validez sur Ok.<br \/>Sous Firefox : en haut de la fen\u00eatre du navigateur, cliquez sur le bouton Firefox, puis aller dans l\u2019onglet Options. Cliquer sur l\u2019onglet Vie priv\u00e9e. Param\u00e9trez les R\u00e8gles de conservation sur : utiliser les param\u00e8tres personnalis\u00e9s pour l\u2019historique. Enfin d\u00e9cochez-la pour d\u00e9sactiver les cookies.<br \/>Sous Safari : Cliquez en haut \u00e0 droite du navigateur sur le pictogramme de menu (symbolis\u00e9 par un rouage). S\u00e9lectionnez Param\u00e8tres. Cliquez sur Afficher les param\u00e8tres avanc\u00e9s. Dans la section \u00ab\u00a0Confidentialit\u00e9\u00a0\u00bb, cliquez sur Param\u00e8tres de contenu. Dans la section \u00ab\u00a0Cookies\u00a0\u00bb, vous pouvez bloquer les cookies.<br \/>Sous Google Chrome : Cliquez en haut \u00e0 droite du navigateur sur le pictogramme de menu (symbolis\u00e9 par trois lignes horizontales). S\u00e9lectionnez Param\u00e8tres. Cliquez sur Afficher les param\u00e8tres avanc\u00e9s. Dans la section \u00ab\u00a0Confidentialit\u00e9\u00a0\u00bb, cliquez sur pr\u00e9f\u00e9rences. Dans l\u2019onglet \u00ab\u00a0Confidentialit\u00e9\u00a0\u00bb, vous pouvez bloquer les cookies.<\/p>\n<h2><strong>9. Droit applicable et attribution de juridiction.<\/strong><\/h2>\n<p>Tout litige en relation avec l\u2019utilisation du site <a href=\"https:\/\/techniciendesante.fr\">https:\/\/techniciendesante.fr<\/a>\u00a0est soumis au droit fran\u00e7ais. Il est fait attribution exclusive de juridiction aux tribunaux comp\u00e9tents de Paris.<\/p>\n<h2><strong>10. Les principales lois concern\u00e9es.<\/strong><\/h2>\n<p>R\u00e8glement no2016\/679, dit R\u00e8glement G\u00e9n\u00e9ral sur la Protection des Donn\u00e9es (RGPD), \u00e9galement appel\u00e9 GDPR pour \u00ab\u00a0General Data Protection Regulation\u00a0\u00bb.<br \/>Loi n\u00b0 78-17 du 6 janvier 1978, notamment modifi\u00e9e par la loi n\u00b0 2004-801 du 6 ao\u00fbt 2004 relative \u00e0 l\u2019informatique, aux fichiers et aux libert\u00e9s.<br \/>Loi n\u00b0 2004-575 du 21 juin 2004 pour la confiance dans l\u2019\u00e9conomie num\u00e9rique.<\/p>\n<h2><strong>11. Contact pour l&#8217;exercice de vos droits<\/strong><\/h2>\n<p>UNION HEALTHCARE se veut proche de ses utilisateurs du site.<br \/>C\u2019est pourquoi nous ne m\u00e9nageons aucun effort pour vous assister.<br \/>Pour toute question relative \u00e0 la pr\u00e9sente charte ou pour l\u2019exercice de vos droits, vous pouvez nous envoyer conform\u00e9ment \u00e0 la r\u00e9glementation, une demande accompagn\u00e9e d\u2019un justificatif d\u2019identit\u00e9 valide :<br \/>Soit par courrier \u00e0 l\u2019attention du DPO (D\u00e9l\u00e9gu\u00e9 \u00e0 la Protection des Donn\u00e9es), \u00e0 l\u2019adresse suivante : Hexa Plus Sant\u00e9 Groupe Union Healthcare, ZA Panisso Est, 2 rue des Micocouliers, 66600 Rivesaltes.<br \/>Soit par e-mail \u00e0 :\u00a0<a class=\"fui-Link ___1eya986 f3rmtva f1ewtqcl fyind8e f1k6fduh f1w7gpdv fk6fouc fjoy568 figsok6 f1hu3pq6 f11qmguv f19f4twv f1tyq0we f1g0x7ka fhxju0i f1qch9an f1cnd47f fqv5qza f1vmzxwi f1o700av f13mvf36 f1cmlufx f9n3di6 f1ids18y f1tx3yz7 f1deo86v f1eh06m1 f1iescvh fhgqx19 f1olyrje f1p93eir f1nev41a f1h8hb77 f1x7u7e9 f10aw75t fsle3fq f17ae5zn\" title=\"mailto:dpo@union-healthcare.com\" href=\"mailto:dpo@union-healthcare.com\" target=\"_blank\" rel=\"noreferrer noopener\" aria-label=\"Lien dpo@union-healthcare.com\">dpo@union-healthcare.com<\/a>.<\/p>\n<h2><strong>12. Lexique<\/strong><\/h2>\n<p>Utilisateur : Internaute se connectant, utilisant le site susnomm\u00e9.<br \/>Informations personnelles : \u00ab les informations qui permettent, sous quelque forme que ce soit, directement ou non, l\u2019identification des personnes physiques auxquelles elles s\u2019appliquent \u00bb (article 4 de la loi n\u00b0 78-17 du 6 janvier 1978).<\/p>\n<\/div><\/div><\/div><style type=\"text\/css\">.fusion-body .fusion-builder-column-0{width:100% !important;margin-top : 0px;margin-bottom : 0px;}.fusion-builder-column-0 > .fusion-column-wrapper {padding-top : 0px !important;padding-right : 0px !important;margin-right : 0px;padding-bottom : 0px !important;padding-left : 0px !important;margin-left : 0px;}@media only screen and (max-width:1024px) {.fusion-body .fusion-builder-column-0{width:100% !important;order : 0;}.fusion-builder-column-0 > .fusion-column-wrapper {margin-right : 0px;margin-left : 0px;}}@media only screen and (max-width:640px) {.fusion-body .fusion-builder-column-0{width:100% !important;order : 0;}.fusion-builder-column-0 > .fusion-column-wrapper {margin-right : 0px;margin-left : 0px;}}<\/style><\/div><style type=\"text\/css\">.fusion-fullwidth.fusion-builder-row-1 { z-index:1 !important; }.fusion-body .fusion-flex-container.fusion-builder-row-1{ padding-top : 60px;margin-top : 0px;padding-right : 100px;padding-bottom : 60px;margin-bottom : 0px;padding-left : 100px;}@media only screen and (max-width:1024px) {.fusion-body .fusion-flex-container.fusion-builder-row-1{ padding-top : 60px;padding-right : 50px;padding-bottom : 60px;padding-left : 50px;}}@media only screen and (max-width:640px) {.fusion-body .fusion-flex-container.fusion-builder-row-1{ padding-top : 50px;padding-right : 25px;padding-bottom : 50px;padding-left : 25px;}}<\/style><\/div>\n","protected":false},"excerpt":{"rendered":"","protected":false},"author":12,"featured_media":0,"parent":0,"menu_order":0,"comment_status":"closed","ping_status":"closed","template":"100-width.php","meta":{"footnotes":""},"yoast_head":"<!-- This site is optimized with the Yoast SEO plugin v22.0 - https:\/\/yoast.com\/wordpress\/plugins\/seo\/ -->\n<title>Mentions l\u00e9gales - Technicien de sant\u00e9<\/title>\n<meta name=\"robots\" content=\"index, follow, max-snippet:-1, max-image-preview:large, max-video-preview:-1\" \/>\n<link rel=\"canonical\" href=\"https:\/\/www.techniciendesante.fr\/magasins\/mentions-legales\/\" \/>\n<meta property=\"og:locale\" content=\"fr_FR\" \/>\n<meta property=\"og:type\" content=\"article\" \/>\n<meta property=\"og:title\" content=\"Mentions l\u00e9gales - Technicien de sant\u00e9\" \/>\n<meta property=\"og:url\" content=\"https:\/\/www.techniciendesante.fr\/magasins\/mentions-legales\/\" \/>\n<meta property=\"og:site_name\" content=\"Technicien de sant\u00e9\" \/>\n<meta property=\"article:publisher\" content=\"https:\/\/www.facebook.com\/techniciendesante\/?locale=fr_FR\" \/>\n<meta name=\"twitter:card\" content=\"summary_large_image\" \/>\n<meta name=\"twitter:label1\" content=\"Dur\u00e9e de lecture estim\u00e9e\" \/>\n\t<meta name=\"twitter:data1\" content=\"12 minutes\" \/>\n<script type=\"application\/ld+json\" class=\"yoast-schema-graph\">{\"@context\":\"https:\/\/schema.org\",\"@graph\":[{\"@type\":\"WebPage\",\"@id\":\"https:\/\/www.techniciendesante.fr\/magasins\/mentions-legales\/\",\"url\":\"https:\/\/www.techniciendesante.fr\/magasins\/mentions-legales\/\",\"name\":\"Mentions l\u00e9gales - Technicien de sant\u00e9\",\"isPartOf\":{\"@id\":\"https:\/\/www.techniciendesante.fr\/magasins\/#website\"},\"datePublished\":\"2023-09-15T08:59:45+00:00\",\"dateModified\":\"2023-09-15T08:59:45+00:00\",\"breadcrumb\":{\"@id\":\"https:\/\/www.techniciendesante.fr\/magasins\/mentions-legales\/#breadcrumb\"},\"inLanguage\":\"fr-FR\",\"potentialAction\":[{\"@type\":\"ReadAction\",\"target\":[\"https:\/\/www.techniciendesante.fr\/magasins\/mentions-legales\/\"]}]},{\"@type\":\"BreadcrumbList\",\"@id\":\"https:\/\/www.techniciendesante.fr\/magasins\/mentions-legales\/#breadcrumb\",\"itemListElement\":[{\"@type\":\"ListItem\",\"position\":1,\"name\":\"Accueil\",\"item\":\"https:\/\/www.techniciendesante.fr\/magasins\/\"},{\"@type\":\"ListItem\",\"position\":2,\"name\":\"Mentions l\u00e9gales\"}]},{\"@type\":\"WebSite\",\"@id\":\"https:\/\/www.techniciendesante.fr\/magasins\/#website\",\"url\":\"https:\/\/www.techniciendesante.fr\/magasins\/\",\"name\":\"Technicien de sant\u00e9\",\"description\":\"\",\"publisher\":{\"@id\":\"https:\/\/www.techniciendesante.fr\/magasins\/#organization\"},\"potentialAction\":[{\"@type\":\"SearchAction\",\"target\":{\"@type\":\"EntryPoint\",\"urlTemplate\":\"https:\/\/www.techniciendesante.fr\/magasins\/?s={search_term_string}\"},\"query-input\":\"required name=search_term_string\"}],\"inLanguage\":\"fr-FR\"},{\"@type\":\"Organization\",\"@id\":\"https:\/\/www.techniciendesante.fr\/magasins\/#organization\",\"name\":\"Technicien de sant\u00e9\",\"url\":\"https:\/\/www.techniciendesante.fr\/magasins\/\",\"logo\":{\"@type\":\"ImageObject\",\"inLanguage\":\"fr-FR\",\"@id\":\"https:\/\/www.techniciendesante.fr\/magasins\/#\/schema\/logo\/image\/\",\"url\":\"https:\/\/www.techniciendesante.fr\/magasins\/wp-content\/uploads\/2024\/02\/technicien-de-sante-logo-1618239391.png\",\"contentUrl\":\"https:\/\/www.techniciendesante.fr\/magasins\/wp-content\/uploads\/2024\/02\/technicien-de-sante-logo-1618239391.png\",\"width\":405,\"height\":125,\"caption\":\"Technicien de sant\u00e9\"},\"image\":{\"@id\":\"https:\/\/www.techniciendesante.fr\/magasins\/#\/schema\/logo\/image\/\"},\"sameAs\":[\"https:\/\/www.facebook.com\/techniciendesante\/?locale=fr_FR\"]}]}<\/script>\n<!-- \/ Yoast SEO plugin. -->","yoast_head_json":{"title":"Mentions l\u00e9gales - Technicien de sant\u00e9","robots":{"index":"index","follow":"follow","max-snippet":"max-snippet:-1","max-image-preview":"max-image-preview:large","max-video-preview":"max-video-preview:-1"},"canonical":"https:\/\/www.techniciendesante.fr\/magasins\/mentions-legales\/","og_locale":"fr_FR","og_type":"article","og_title":"Mentions l\u00e9gales - Technicien de sant\u00e9","og_url":"https:\/\/www.techniciendesante.fr\/magasins\/mentions-legales\/","og_site_name":"Technicien de sant\u00e9","article_publisher":"https:\/\/www.facebook.com\/techniciendesante\/?locale=fr_FR","twitter_card":"summary_large_image","twitter_misc":{"Dur\u00e9e de lecture estim\u00e9e":"12 minutes"},"schema":{"@context":"https:\/\/schema.org","@graph":[{"@type":"WebPage","@id":"https:\/\/www.techniciendesante.fr\/magasins\/mentions-legales\/","url":"https:\/\/www.techniciendesante.fr\/magasins\/mentions-legales\/","name":"Mentions l\u00e9gales - Technicien de sant\u00e9","isPartOf":{"@id":"https:\/\/www.techniciendesante.fr\/magasins\/#website"},"datePublished":"2023-09-15T08:59:45+00:00","dateModified":"2023-09-15T08:59:45+00:00","breadcrumb":{"@id":"https:\/\/www.techniciendesante.fr\/magasins\/mentions-legales\/#breadcrumb"},"inLanguage":"fr-FR","potentialAction":[{"@type":"ReadAction","target":["https:\/\/www.techniciendesante.fr\/magasins\/mentions-legales\/"]}]},{"@type":"BreadcrumbList","@id":"https:\/\/www.techniciendesante.fr\/magasins\/mentions-legales\/#breadcrumb","itemListElement":[{"@type":"ListItem","position":1,"name":"Accueil","item":"https:\/\/www.techniciendesante.fr\/magasins\/"},{"@type":"ListItem","position":2,"name":"Mentions l\u00e9gales"}]},{"@type":"WebSite","@id":"https:\/\/www.techniciendesante.fr\/magasins\/#website","url":"https:\/\/www.techniciendesante.fr\/magasins\/","name":"Technicien de sant\u00e9","description":"","publisher":{"@id":"https:\/\/www.techniciendesante.fr\/magasins\/#organization"},"potentialAction":[{"@type":"SearchAction","target":{"@type":"EntryPoint","urlTemplate":"https:\/\/www.techniciendesante.fr\/magasins\/?s={search_term_string}"},"query-input":"required name=search_term_string"}],"inLanguage":"fr-FR"},{"@type":"Organization","@id":"https:\/\/www.techniciendesante.fr\/magasins\/#organization","name":"Technicien de sant\u00e9","url":"https:\/\/www.techniciendesante.fr\/magasins\/","logo":{"@type":"ImageObject","inLanguage":"fr-FR","@id":"https:\/\/www.techniciendesante.fr\/magasins\/#\/schema\/logo\/image\/","url":"https:\/\/www.techniciendesante.fr\/magasins\/wp-content\/uploads\/2024\/02\/technicien-de-sante-logo-1618239391.png","contentUrl":"https:\/\/www.techniciendesante.fr\/magasins\/wp-content\/uploads\/2024\/02\/technicien-de-sante-logo-1618239391.png","width":405,"height":125,"caption":"Technicien de sant\u00e9"},"image":{"@id":"https:\/\/www.techniciendesante.fr\/magasins\/#\/schema\/logo\/image\/"},"sameAs":["https:\/\/www.facebook.com\/techniciendesante\/?locale=fr_FR"]}]}},"_links":{"self":[{"href":"https:\/\/www.techniciendesante.fr\/magasins\/wp-json\/wp\/v2\/pages\/11246"}],"collection":[{"href":"https:\/\/www.techniciendesante.fr\/magasins\/wp-json\/wp\/v2\/pages"}],"about":[{"href":"https:\/\/www.techniciendesante.fr\/magasins\/wp-json\/wp\/v2\/types\/page"}],"author":[{"embeddable":true,"href":"https:\/\/www.techniciendesante.fr\/magasins\/wp-json\/wp\/v2\/users\/12"}],"replies":[{"embeddable":true,"href":"https:\/\/www.techniciendesante.fr\/magasins\/wp-json\/wp\/v2\/comments?post=11246"}],"version-history":[{"count":5,"href":"https:\/\/www.techniciendesante.fr\/magasins\/wp-json\/wp\/v2\/pages\/11246\/revisions"}],"predecessor-version":[{"id":11255,"href":"https:\/\/www.techniciendesante.fr\/magasins\/wp-json\/wp\/v2\/pages\/11246\/revisions\/11255"}],"wp:attachment":[{"href":"https:\/\/www.techniciendesante.fr\/magasins\/wp-json\/wp\/v2\/media?parent=11246"}],"curies":[{"name":"wp","href":"https:\/\/api.w.org\/{rel}","templated":true}]}}